CRAN Package Check Results for Package condTruncMVN

Last updated on 2022-08-17 23:53:23 CEST.

Flavor Version Tinstall Tcheck Ttotal Status Flags
r-devel-linux-x86_64-debian-clang 0.0.2 9.35 77.07 86.42 NOTE
r-devel-linux-x86_64-debian-gcc 0.0.2 NOTE
r-devel-linux-x86_64-fedora-clang 0.0.2 114.11 NOTE
r-devel-linux-x86_64-fedora-gcc 0.0.2 119.26 NOTE
r-devel-windows-x86_64 0.0.2 11.00 101.00 112.00 NOTE
r-patched-linux-x86_64 0.0.2 5.98 73.39 79.37 NOTE
r-release-linux-x86_64 0.0.2 7.17 75.02 82.19 NOTE
r-release-macos-arm64 0.0.2 33.00 NOTE
r-release-macos-x86_64 0.0.2 48.00 NOTE
r-release-windows-x86_64 0.0.2 22.00 106.00 128.00 NOTE
r-oldrel-macos-arm64 0.0.2 35.00 NOTE
r-oldrel-macos-x86_64 0.0.2 68.00 NOTE
r-oldrel-windows-ix86+x86_64 0.0.2 18.00 100.00 118.00 NOTE

Check Details

Version: 0.0.2
Check: package subdirectories
Result: NOTE
    Problems with news in 'NEWS.md':
    No news entries found.
Flavors: r-devel-linux-x86_64-debian-clang, r-devel-linux-x86_64-debian-gcc, r-devel-linux-x86_64-fedora-clang, r-devel-linux-x86_64-fedora-gcc, r-devel-windows-x86_64

Version: 0.0.2
Check: LazyData
Result: NOTE
     'LazyData' is specified without a 'data' directory
Flavors: r-devel-linux-x86_64-debian-clang, r-devel-linux-x86_64-debian-gcc, r-devel-linux-x86_64-fedora-clang, r-devel-linux-x86_64-fedora-gcc, r-devel-windows-x86_64, r-patched-linux-x86_64, r-release-linux-x86_64, r-release-macos-arm64, r-release-macos-x86_64, r-release-windows-x86_64, r-oldrel-macos-arm64, r-oldrel-macos-x86_64, r-oldrel-windows-ix86+x86_64

Version: 0.0.2
Check: Rd cross-references
Result: NOTE
    Undeclared package ‘mvtnorm’ in Rd xrefs
Flavor: r-devel-linux-x86_64-fedora-clang