CRAN Package Check Results for Package conStruct

Last updated on 2020-11-25 23:51:33 CET.

Flavor Version Tinstall Tcheck Ttotal Status Flags
r-devel-linux-x86_64-debian-clang 1.0.4 470.45 131.50 601.95 NOTE
r-devel-linux-x86_64-debian-gcc 1.0.4 825.04 117.88 942.92 NOTE
r-devel-linux-x86_64-fedora-clang 1.0.4 832.99 NOTE
r-devel-linux-x86_64-fedora-gcc 1.0.4 893.07 NOTE
r-devel-windows-ix86+x86_64 1.0.4 1014.00 288.00 1302.00 NOTE
r-patched-linux-x86_64 1.0.4 653.39 148.31 801.70 NOTE
r-patched-solaris-x86 1.0.4 791.20 NOTE
r-release-linux-x86_64 1.0.4 667.06 148.10 815.16 NOTE
r-release-macos-x86_64 1.0.4 NOTE
r-release-windows-ix86+x86_64 1.0.4 992.00 6.00 998.00 ERROR
r-oldrel-macos-x86_64 1.0.4 NOTE
r-oldrel-windows-ix86+x86_64 1.0.4 694.00 247.00 941.00 NOTE

Check Details

Version: 1.0.4
Check: for GNU extensions in Makefiles
Result: NOTE
    GNU make is a SystemRequirements.
Flavors: r-devel-linux-x86_64-debian-clang, r-devel-linux-x86_64-debian-gcc, r-devel-linux-x86_64-fedora-clang, r-devel-linux-x86_64-fedora-gcc, r-devel-windows-ix86+x86_64, r-patched-linux-x86_64, r-patched-solaris-x86, r-release-linux-x86_64, r-release-macos-x86_64, r-oldrel-macos-x86_64, r-oldrel-windows-ix86+x86_64

Version: 1.0.4
Check: installed package size
Result: NOTE
     installed size is 77.7Mb
     sub-directories of 1Mb or more:
     libs 76.4Mb
Flavors: r-devel-linux-x86_64-fedora-clang, r-devel-windows-ix86+x86_64, r-patched-solaris-x86, r-release-macos-x86_64, r-oldrel-macos-x86_64, r-oldrel-windows-ix86+x86_64

Version: 1.0.4
Check: whether package can be installed
Result: ERROR
    Installation failed.
Flavor: r-release-windows-ix86+x86_64