CRAN Package Check Results for Package compendiumdb

Last updated on 2020-05-24 23:47:40 CEST.

Flavor Version Tinstall Tcheck Ttotal Status Flags
r-devel-linux-x86_64-debian-clang 1.0.3 9.52 74.90 84.42 NOTE
r-devel-linux-x86_64-debian-gcc 1.0.3 7.71 56.17 63.88 NOTE
r-devel-linux-x86_64-fedora-clang 1.0.3 110.22 NOTE
r-devel-linux-x86_64-fedora-gcc 1.0.3 95.98 NOTE
r-devel-windows-ix86+x86_64 1.0.3 30.00 87.00 117.00 NOTE
r-patched-linux-x86_64 1.0.3 9.71 73.13 82.84 NOTE
r-patched-solaris-x86 1.0.3 138.90 NOTE
r-release-linux-x86_64 1.0.3 8.92 71.93 80.85 NOTE
r-release-osx-x86_64 1.0.3 NOTE
r-release-windows-ix86+x86_64 1.0.3 23.00 113.00 136.00 NOTE
r-oldrel-osx-x86_64 1.0.3 NOTE
r-oldrel-windows-ix86+x86_64 1.0.3 18.00 101.00 119.00 NOTE

Check Details

Version: 1.0.3
Check: package dependencies
Result: NOTE
    Package suggested but not available for checking: 'inSilicoDb'
Flavors: r-devel-linux-x86_64-debian-clang, r-devel-linux-x86_64-debian-gcc, r-devel-linux-x86_64-fedora-clang, r-devel-linux-x86_64-fedora-gcc, r-devel-windows-ix86+x86_64, r-patched-linux-x86_64, r-patched-solaris-x86, r-release-linux-x86_64, r-release-windows-ix86+x86_64, r-oldrel-windows-ix86+x86_64

Version: 1.0.3
Check: package dependencies
Result: NOTE
    Packages suggested but not available for checking:
     'inSilicoDb', 'GEOmetadb', 'mogene10sttranscriptcluster.db'
Flavor: r-release-osx-x86_64

Version: 1.0.3
Check: package dependencies
Result: NOTE
    Packages suggested but not available for checking:
     'inSilicoDb', 'mogene10sttranscriptcluster.db'
Flavor: r-oldrel-osx-x86_64