CRAN Package Check Results for Package compendiumdb

Last updated on 2019-10-20 23:47:22 CEST.

Flavor Version Tinstall Tcheck Ttotal Status Flags
r-devel-linux-x86_64-debian-clang 1.0.3 7.57 64.83 72.40 NOTE
r-devel-linux-x86_64-debian-gcc 1.0.3 6.92 49.07 55.99 NOTE
r-devel-linux-x86_64-fedora-clang 1.0.3 87.31 NOTE
r-devel-linux-x86_64-fedora-gcc 1.0.3 84.84 NOTE
r-devel-windows-ix86+x86_64 1.0.3 18.00 79.00 97.00 NOTE
r-patched-linux-x86_64 1.0.3 7.77 60.47 68.24 NOTE
r-patched-solaris-x86 1.0.3 125.10 NOTE
r-release-linux-x86_64 1.0.3 8.45 61.57 70.02 NOTE
r-release-windows-ix86+x86_64 1.0.3 24.00 80.00 104.00 NOTE
r-release-osx-x86_64 1.0.3 NOTE
r-oldrel-windows-ix86+x86_64 1.0.3 13.00 72.00 85.00 NOTE
r-oldrel-osx-x86_64 1.0.3 NOTE

Check Details

Version: 1.0.3
Check: package dependencies
Result: NOTE
    Package suggested but not available for checking: 'inSilicoDb'
Flavors: r-devel-linux-x86_64-debian-clang, r-devel-linux-x86_64-debian-gcc, r-devel-linux-x86_64-fedora-clang, r-devel-linux-x86_64-fedora-gcc, r-devel-windows-ix86+x86_64, r-patched-linux-x86_64, r-patched-solaris-x86, r-release-linux-x86_64, r-release-windows-ix86+x86_64, r-oldrel-windows-ix86+x86_64

Version: 1.0.3
Check: package dependencies
Result: NOTE
    Packages suggested but not available for checking:
     'inSilicoDb', 'mogene10sttranscriptcluster.db'
Flavor: r-release-osx-x86_64

Version: 1.0.3
Check: package dependencies
Result: NOTE
    Packages suggested but not available for checking:
     ‘inSilicoDb’ ‘mogene10sttranscriptcluster.db’
Flavor: r-oldrel-osx-x86_64