CRAN Package Check Results for Package combinat

Last updated on 2020-02-17 00:49:07 CET.

Flavor Version Tinstall Tcheck Ttotal Status Flags
r-devel-linux-x86_64-debian-clang 0.0-8 2.18 18.70 20.88 NOTE
r-devel-linux-x86_64-debian-gcc 0.0-8 1.80 14.92 16.72 NOTE
r-devel-linux-x86_64-fedora-clang 0.0-8 26.10 NOTE
r-devel-windows-ix86+x86_64 0.0-8 5.00 29.00 34.00 NOTE
r-devel-windows-ix86+x86_64-gcc8 0.0-8 7.00 38.00 45.00 NOTE
r-patched-linux-x86_64 0.0-8 1.61 17.14 18.75 NOTE
r-patched-solaris-x86 0.0-8 35.90 NOTE
r-release-linux-x86_64 0.0-8 1.80 17.25 19.05 NOTE
r-release-windows-ix86+x86_64 0.0-8 4.00 37.00 41.00 NOTE
r-release-osx-x86_64 0.0-8 NOTE
r-oldrel-windows-ix86+x86_64 0.0-8 3.00 26.00 29.00 NOTE
r-oldrel-osx-x86_64 0.0-8 NOTE

Check Details

Version: 0.0-8
Check: DESCRIPTION meta-information
Result: NOTE
    Malformed Description field: should contain one or more complete sentences.
Flavors: r-devel-linux-x86_64-debian-clang, r-devel-linux-x86_64-debian-gcc, r-devel-linux-x86_64-fedora-clang, r-devel-windows-ix86+x86_64, r-devel-windows-ix86+x86_64-gcc8, r-patched-linux-x86_64, r-patched-solaris-x86, r-release-linux-x86_64, r-release-windows-ix86+x86_64, r-release-osx-x86_64, r-oldrel-windows-ix86+x86_64, r-oldrel-osx-x86_64