Last updated on 2022-06-26 23:51:55 CEST.
Flavor | Version | Tinstall | Tcheck | Ttotal | Status | Flags |
---|---|---|---|---|---|---|
r-devel-linux-x86_64-debian-clang | 0.3.7 | 85.42 | 38.24 | 123.66 | NOTE | |
r-devel-linux-x86_64-debian-gcc | 0.3.7 | 72.34 | 29.71 | 102.05 | NOTE | |
r-devel-linux-x86_64-fedora-clang | 0.3.7 | 203.94 | NOTE | |||
r-devel-linux-x86_64-fedora-gcc | 0.3.7 | 185.54 | NOTE | |||
r-devel-windows-x86_64 | 0.3.7 | 191.00 | 97.00 | 288.00 | NOTE | |
r-patched-linux-x86_64 | 0.3.7 | 79.74 | 36.27 | 116.01 | NOTE | |
r-release-linux-x86_64 | 0.3.7 | 73.29 | 36.73 | 110.02 | NOTE | |
r-release-macos-arm64 | 0.3.7 | 44.00 | NOTE | |||
r-release-macos-x86_64 | 0.3.7 | 63.00 | NOTE | |||
r-release-windows-x86_64 | 0.3.7 | 430.00 | 93.00 | 523.00 | NOTE | |
r-oldrel-macos-arm64 | 0.3.7 | 51.00 | NOTE | |||
r-oldrel-macos-x86_64 | 0.3.7 | 90.00 | NOTE | |||
r-oldrel-windows-ix86+x86_64 | 0.3.7 | 217.00 | 96.00 | 313.00 | NOTE |
Version: 0.3.7
Check: LazyData
Result: NOTE
'LazyData' is specified without a 'data' directory
Flavors: r-devel-linux-x86_64-debian-clang, r-devel-linux-x86_64-debian-gcc, r-devel-linux-x86_64-fedora-clang, r-devel-linux-x86_64-fedora-gcc, r-devel-windows-x86_64, r-patched-linux-x86_64, r-release-linux-x86_64, r-release-macos-arm64, r-release-macos-x86_64, r-release-windows-x86_64, r-oldrel-macos-arm64, r-oldrel-macos-x86_64, r-oldrel-windows-ix86+x86_64
Version: 0.3.7
Check: installed package size
Result: NOTE
installed size is 5.6Mb
sub-directories of 1Mb or more:
libs 4.3Mb
Flavors: r-devel-linux-x86_64-fedora-clang, r-release-macos-arm64, r-release-macos-x86_64, r-oldrel-macos-arm64, r-oldrel-macos-x86_64