Last updated on 2023-05-30 00:59:41 CEST.
Flavor | Version | Tinstall | Tcheck | Ttotal | Status | Flags |
---|---|---|---|---|---|---|
r-devel-linux-x86_64-debian-clang | 0.1.2 | 4.89 | 58.39 | 63.28 | OK | |
r-devel-linux-x86_64-debian-gcc | 0.1.2 | 4.73 | 45.34 | 50.07 | OK | |
r-devel-linux-x86_64-fedora-clang | 0.1.2 | 83.79 | NOTE | |||
r-devel-linux-x86_64-fedora-gcc | 0.1.2 | 87.20 | NOTE | |||
r-devel-windows-x86_64 | 0.1.2 | 6.00 | 71.00 | 77.00 | OK | |
r-patched-linux-x86_64 | 0.1.2 | 9.08 | 54.94 | 64.02 | OK | |
r-release-linux-x86_64 | 0.1.2 | 5.03 | 55.15 | 60.18 | OK | |
r-release-macos-arm64 | 0.1.2 | 35.00 | OK | |||
r-release-macos-x86_64 | 0.1.2 | 52.00 | OK | |||
r-release-windows-x86_64 | 0.1.2 | 7.00 | 78.00 | 85.00 | OK | |
r-oldrel-macos-arm64 | 0.1.2 | 27.00 | NOTE | |||
r-oldrel-macos-x86_64 | 0.1.2 | 53.00 | NOTE | |||
r-oldrel-windows-x86_64 | 0.1.2 | 8.00 | 78.00 | 86.00 | OK |
Version: 0.1.2
Check: dependencies in R code
Result: NOTE
Namespaces in Imports field not imported from:
‘grid’ ‘gridExtra’
All declared Imports should be used.
Flavors: r-devel-linux-x86_64-fedora-clang, r-devel-linux-x86_64-fedora-gcc, r-oldrel-macos-arm64, r-oldrel-macos-x86_64