Last updated on 2023-02-03 23:51:28 CET.
Flavor | Version | Tinstall | Tcheck | Ttotal | Status | Flags |
---|---|---|---|---|---|---|
r-devel-linux-x86_64-debian-clang | 1.1.2 | 4.86 | 138.43 | 143.29 | NOTE | |
r-devel-linux-x86_64-debian-gcc | 1.1.2 | 3.27 | 101.79 | 105.06 | NOTE | |
r-devel-linux-x86_64-fedora-clang | 1.1.2 | 182.09 | NOTE | |||
r-devel-linux-x86_64-fedora-gcc | 1.1.2 | 194.64 | NOTE | |||
r-devel-windows-x86_64 | 1.1.2 | 103.00 | 310.00 | 413.00 | NOTE | |
r-patched-linux-x86_64 | 1.1.2 | 4.00 | 130.95 | 134.95 | NOTE | |
r-release-linux-x86_64 | 1.1.2 | 4.90 | 121.74 | 126.64 | NOTE | |
r-release-macos-arm64 | 1.1.2 | 59.00 | NOTE | |||
r-release-macos-x86_64 | 1.1.2 | 92.00 | NOTE | |||
r-release-windows-x86_64 | 1.1.2 | 74.00 | 246.00 | 320.00 | NOTE | |
r-oldrel-macos-arm64 | 1.1.2 | 65.00 | NOTE | |||
r-oldrel-macos-x86_64 | 1.1.2 | 103.00 | NOTE | |||
r-oldrel-windows-ix86+x86_64 | 1.1.2 | 11.00 | 166.00 | 177.00 | NOTE |
Version: 1.1.2
Check: LazyData
Result: NOTE
'LazyData' is specified without a 'data' directory
Flavors: r-devel-linux-x86_64-debian-clang, r-devel-linux-x86_64-debian-gcc, r-devel-linux-x86_64-fedora-clang, r-devel-linux-x86_64-fedora-gcc, r-devel-windows-x86_64, r-patched-linux-x86_64, r-release-linux-x86_64, r-release-macos-arm64, r-release-macos-x86_64, r-release-windows-x86_64, r-oldrel-macos-arm64, r-oldrel-macos-x86_64, r-oldrel-windows-ix86+x86_64
Version: 1.1.2
Check: dependencies in R code
Result: NOTE
Namespaces in Imports field not imported from:
‘magrittr’ ‘qpdf’
All declared Imports should be used.
Flavors: r-devel-linux-x86_64-fedora-clang, r-devel-linux-x86_64-fedora-gcc, r-release-macos-arm64, r-release-macos-x86_64, r-oldrel-macos-arm64, r-oldrel-macos-x86_64