Last updated on 2022-07-05 23:55:38 CEST.
Flavor | Version | Tinstall | Tcheck | Ttotal | Status | Flags |
---|---|---|---|---|---|---|
r-devel-linux-x86_64-debian-clang | 1.4-0 | 4.77 | 193.76 | 198.53 | OK | |
r-devel-linux-x86_64-debian-gcc | 1.4-0 | 3.16 | 146.41 | 149.57 | OK | |
r-devel-linux-x86_64-fedora-clang | 1.4-0 | 256.24 | NOTE | |||
r-devel-linux-x86_64-fedora-gcc | 1.4-0 | 251.35 | OK | |||
r-devel-windows-x86_64 | 1.4-0 | 206.00 | 378.00 | 584.00 | NOTE | |
r-patched-linux-x86_64 | 1.4-0 | 6.03 | 182.89 | 188.92 | OK | |
r-release-linux-x86_64 | 1.4-0 | 4.05 | 182.50 | 186.55 | OK | |
r-release-macos-arm64 | 1.4-0 | 95.00 | NOTE | |||
r-release-macos-x86_64 | 1.4-0 | 110.00 | NOTE | |||
r-release-windows-x86_64 | 1.4-0 | 201.00 | 373.00 | 574.00 | NOTE | |
r-oldrel-macos-arm64 | 1.4-0 | 95.00 | NOTE | |||
r-oldrel-macos-x86_64 | 1.4-0 | 136.00 | NOTE | |||
r-oldrel-windows-ix86+x86_64 | 1.4-0 | 12.00 | 294.00 | 306.00 | NOTE |
Version: 1.4-0
Check: installed package size
Result: NOTE
installed size is 5.4Mb
sub-directories of 1Mb or more:
doc 2.5Mb
extdata 2.1Mb
Flavors: r-devel-linux-x86_64-fedora-clang, r-devel-windows-x86_64, r-release-macos-arm64, r-release-macos-x86_64, r-release-windows-x86_64, r-oldrel-macos-arm64, r-oldrel-macos-x86_64, r-oldrel-windows-ix86+x86_64