CRAN Package Check Results for Package coloc

Last updated on 2019-12-08 23:47:18 CET.

Flavor Version Tinstall Tcheck Ttotal Status Flags
r-devel-linux-x86_64-debian-clang 3.2-1 15.77 139.29 155.06 OK
r-devel-linux-x86_64-debian-gcc 3.2-1 14.24 103.95 118.19 OK
r-devel-linux-x86_64-fedora-clang 3.2-1 181.70 NOTE
r-devel-linux-x86_64-fedora-gcc 3.2-1 168.54 NOTE
r-devel-windows-ix86+x86_64 3.2-1 29.00 206.00 235.00 OK
r-devel-windows-ix86+x86_64-gcc8 3.2-1 32.00 154.00 186.00 OK
r-patched-linux-x86_64 3.2-1 11.49 123.37 134.86 OK
r-patched-solaris-x86 3.2-1 229.70 NOTE
r-release-linux-x86_64 3.2-1 13.97 122.47 136.44 OK
r-release-windows-ix86+x86_64 3.2-1 29.00 136.00 165.00 OK
r-release-osx-x86_64 3.2-1 NOTE
r-oldrel-windows-ix86+x86_64 3.2-1 17.00 129.00 146.00 OK
r-oldrel-osx-x86_64 3.2-1 NOTE

Check Details

Version: 3.2-1
Check: dependencies in R code
Result: NOTE
    Namespace in Imports field not imported from: ‘data.table’
     All declared Imports should be used.
Flavors: r-devel-linux-x86_64-fedora-clang, r-devel-linux-x86_64-fedora-gcc, r-patched-solaris-x86, r-release-osx-x86_64, r-oldrel-osx-x86_64