CRAN Package Check Results for Package coloc

Last updated on 2019-07-22 06:47:35 CEST.

Flavor Version Tinstall Tcheck Ttotal Status Flags
r-devel-linux-x86_64-debian-clang 3.2-1 13.09 125.31 138.40 OK
r-devel-linux-x86_64-debian-gcc 3.2-1 11.06 97.11 108.17 OK
r-devel-linux-x86_64-fedora-clang 3.2-1 165.21 NOTE
r-devel-linux-x86_64-fedora-gcc 3.2-1 158.29 NOTE
r-devel-windows-ix86+x86_64 3.2-1 25.00 177.00 202.00 OK
r-patched-linux-x86_64 3.2-1 10.48 121.75 132.23 OK
r-patched-solaris-x86 3.2-1 241.60 NOTE
r-release-linux-x86_64 3.2-1 13.31 121.19 134.50 OK
r-release-windows-ix86+x86_64 3.2-1 29.00 129.00 158.00 OK
r-release-osx-x86_64 3.2-1 ERROR
r-oldrel-windows-ix86+x86_64 3.2-1 29.00 180.00 209.00 OK
r-oldrel-osx-x86_64 3.2-1 NOTE

Check Details

Version: 3.2-1
Check: dependencies in R code
Result: NOTE
    Namespace in Imports field not imported from: ‘data.table’
     All declared Imports should be used.
Flavors: r-devel-linux-x86_64-fedora-clang, r-devel-linux-x86_64-fedora-gcc, r-patched-solaris-x86, r-oldrel-osx-x86_64

Version: 3.2-1
Check: package dependencies
Result: ERROR
    Package required but not available: ‘snpStats’
    
    See section ‘The DESCRIPTION file’ in the ‘Writing R Extensions’
    manual.
Flavor: r-release-osx-x86_64