Last updated on 2022-06-26 23:51:55 CEST.
Flavor | Version | Tinstall | Tcheck | Ttotal | Status | Flags |
---|---|---|---|---|---|---|
r-devel-linux-x86_64-debian-clang | 2.0-3 | 16.99 | 82.03 | 99.02 | OK | |
r-devel-linux-x86_64-debian-gcc | 2.0-3 | 12.19 | 61.05 | 73.24 | OK | |
r-devel-linux-x86_64-fedora-clang | 2.0-3 | 125.84 | OK | |||
r-devel-linux-x86_64-fedora-gcc | 2.0-3 | 126.22 | OK | |||
r-devel-windows-x86_64 | 2.0-3 | 61.00 | 110.00 | 171.00 | OK | |
r-patched-linux-x86_64 | 2.0-3 | 15.32 | 79.13 | 94.45 | OK | |
r-release-linux-x86_64 | 2.0-3 | 11.37 | 78.47 | 89.84 | OK | |
r-release-macos-arm64 | 2.0-3 | 38.00 | OK | |||
r-release-macos-x86_64 | 2.0-3 | 57.00 | WARN | |||
r-release-windows-x86_64 | 2.0-3 | 58.00 | 109.00 | 167.00 | OK | |
r-oldrel-macos-arm64 | 2.0-3 | 50.00 | OK | |||
r-oldrel-macos-x86_64 | 2.0-3 | 61.00 | WARN | |||
r-oldrel-windows-ix86+x86_64 | 2.0-3 | 47.00 | 155.00 | 202.00 | OK |
Version: 2.0-3
Check: whether package can be installed
Result: WARN
Found the following significant warnings:
Warning: control reaches end of non-void function [-Wreturn-type]
Flavors: r-release-macos-x86_64, r-oldrel-macos-x86_64