CRAN Package Check Results for Package cognitoR

Last updated on 2022-12-03 23:56:12 CET.

Flavor Version Tinstall Tcheck Ttotal Status Flags
r-devel-linux-x86_64-debian-clang 1.0.2 7.15 62.28 69.43 NOTE
r-devel-linux-x86_64-debian-gcc 1.0.2 5.28 46.01 51.29 NOTE
r-devel-linux-x86_64-fedora-clang 1.0.2 100.31 NOTE
r-devel-linux-x86_64-fedora-gcc 1.0.2 105.29 NOTE
r-devel-windows-x86_64 1.0.2 27.00 96.00 123.00 NOTE
r-patched-linux-x86_64 1.0.2 7.41 57.71 65.12 NOTE
r-release-linux-x86_64 1.0.2 6.92 59.15 66.07 NOTE
r-release-macos-arm64 1.0.2 28.00 NOTE
r-release-macos-x86_64 1.0.2 45.00 NOTE
r-release-windows-x86_64 1.0.2 25.00 96.00 121.00 NOTE
r-oldrel-macos-arm64 1.0.2 32.00 NOTE
r-oldrel-macos-x86_64 1.0.2 48.00 NOTE
r-oldrel-windows-ix86+x86_64 1.0.2 18.00 84.00 102.00 NOTE

Check Details

Version: 1.0.2
Check: LazyData
Result: NOTE
     'LazyData' is specified without a 'data' directory
Flavors: r-devel-linux-x86_64-debian-clang, r-devel-linux-x86_64-debian-gcc, r-devel-linux-x86_64-fedora-clang, r-devel-linux-x86_64-fedora-gcc, r-devel-windows-x86_64, r-patched-linux-x86_64, r-release-linux-x86_64, r-release-macos-arm64, r-release-macos-x86_64, r-release-windows-x86_64, r-oldrel-macos-arm64, r-oldrel-macos-x86_64, r-oldrel-windows-ix86+x86_64

Version: 1.0.2
Check: dependencies in R code
Result: NOTE
    Namespace in Imports field not imported from: ‘yaml’
     All declared Imports should be used.
Flavors: r-devel-linux-x86_64-fedora-clang, r-devel-linux-x86_64-fedora-gcc, r-release-macos-arm64, r-release-macos-x86_64, r-oldrel-macos-arm64, r-oldrel-macos-x86_64