CRAN Package Check Results for Package coca

Last updated on 2020-09-22 23:53:05 CEST.

Flavor Version Tinstall Tcheck Ttotal Status Flags
r-devel-linux-x86_64-debian-clang 1.1.0 3.58 100.77 104.35 OK
r-devel-linux-x86_64-debian-gcc 1.1.0 2.37 74.15 76.52 OK
r-devel-linux-x86_64-fedora-clang 1.1.0 135.96 NOTE
r-devel-linux-x86_64-fedora-gcc 1.1.0 118.80 NOTE
r-devel-windows-ix86+x86_64 1.1.0 9.00 127.00 136.00 OK
r-patched-linux-x86_64 1.1.0 3.17 96.84 100.01 OK
r-patched-solaris-x86 1.1.0 195.90 NOTE
r-release-linux-x86_64 1.1.0 3.29 96.66 99.95 OK
r-release-macos-x86_64 1.1.0 NOTE
r-release-windows-ix86+x86_64 1.1.0 8.00 129.00 137.00 OK
r-oldrel-macos-x86_64 1.1.0 NOTE
r-oldrel-windows-ix86+x86_64 1.1.0 4.00 117.00 121.00 OK

Check Details

Version: 1.1.0
Check: dependencies in R code
Result: NOTE
    Namespaces in Imports field not imported from:
     ‘Matrix’ ‘nnet’
     All declared Imports should be used.
Flavors: r-devel-linux-x86_64-fedora-clang, r-devel-linux-x86_64-fedora-gcc, r-patched-solaris-x86, r-release-macos-x86_64, r-oldrel-macos-x86_64