CRAN Package Check Results for Package coala

Last updated on 2019-07-15 00:50:24 CEST.

Flavor Version Tinstall Tcheck Ttotal Status Flags
r-devel-linux-x86_64-debian-clang 0.5.3 131.47 104.23 235.70 OK
r-devel-linux-x86_64-debian-gcc 0.5.3 117.40 83.93 201.33 OK
r-devel-linux-x86_64-fedora-clang 0.5.3 334.71 NOTE
r-devel-linux-x86_64-fedora-gcc 0.5.3 361.80 OK
r-devel-windows-ix86+x86_64 0.5.3 193.00 150.00 343.00 OK
r-patched-linux-x86_64 0.5.3 131.58 107.63 239.21 OK
r-patched-solaris-x86 0.5.3 403.00 OK
r-release-linux-x86_64 0.5.3 132.20 106.60 238.80 OK
r-release-windows-ix86+x86_64 0.5.3 212.00 162.00 374.00 OK
r-release-osx-x86_64 0.5.3 NOTE
r-oldrel-windows-ix86+x86_64 0.5.2 315.00 189.00 504.00 OK
r-oldrel-osx-x86_64 0.5.3 OK

Check Details

Version: 0.5.3
Check: installed package size
Result: NOTE
     installed size is 5.9Mb
     sub-directories of 1Mb or more:
     R 1.3Mb
     libs 4.0Mb
Flavors: r-devel-linux-x86_64-fedora-clang, r-release-osx-x86_64