CRAN Package Check Results for Package coala

Last updated on 2020-05-24 23:47:40 CEST.

Flavor Version Tinstall Tcheck Ttotal Status Flags
r-devel-linux-x86_64-debian-clang 0.6.0 176.43 114.87 291.30 OK
r-devel-linux-x86_64-debian-gcc 0.6.0 134.73 88.71 223.44 OK
r-devel-linux-x86_64-fedora-clang 0.6.0 381.65 NOTE
r-devel-linux-x86_64-fedora-gcc 0.6.0 369.00 OK
r-devel-windows-ix86+x86_64 0.6.0 391.00 208.00 599.00 OK
r-patched-linux-x86_64 0.6.0 136.92 113.48 250.40 OK
r-patched-solaris-x86 0.6.0 380.80 OK
r-release-linux-x86_64 0.6.0 157.05 114.46 271.51 OK
r-release-osx-x86_64 0.6.0 NOTE
r-release-windows-ix86+x86_64 0.6.0 272.00 217.00 489.00 OK
r-oldrel-osx-x86_64 0.6.0 NOTE
r-oldrel-windows-ix86+x86_64 0.6.0 288.00 217.00 505.00 OK

Check Details

Version: 0.6.0
Check: installed package size
Result: NOTE
     installed size is 7.2Mb
     sub-directories of 1Mb or more:
     R 1.4Mb
     libs 5.3Mb
Flavors: r-devel-linux-x86_64-fedora-clang, r-release-osx-x86_64, r-oldrel-osx-x86_64