CRAN Package Check Results for Package coala

Last updated on 2019-05-21 02:47:00 CEST.

Flavor Version Tinstall Tcheck Ttotal Status Flags
r-devel-linux-x86_64-debian-clang 0.5.2 138.22 104.56 242.78 OK
r-devel-linux-x86_64-debian-gcc 0.5.2 113.81 84.32 198.13 OK
r-devel-linux-x86_64-fedora-clang 0.5.2 368.38 NOTE
r-devel-linux-x86_64-fedora-gcc 0.5.2 354.98 OK
r-devel-windows-ix86+x86_64 0.5.2 318.00 213.00 531.00 OK
r-patched-linux-x86_64 0.5.2 132.17 106.61 238.78 OK
r-patched-solaris-x86 0.5.2 415.80 OK
r-release-linux-x86_64 0.5.2 130.99 107.35 238.34 OK
r-release-windows-ix86+x86_64 0.5.2 314.00 222.00 536.00 OK
r-release-osx-x86_64 0.5.2 NOTE
r-oldrel-windows-ix86+x86_64 0.5.2 232.00 143.00 375.00 OK
r-oldrel-osx-x86_64 0.5.2 OK

Check Details

Version: 0.5.2
Check: installed package size
Result: NOTE
     installed size is 5.9Mb
     sub-directories of 1Mb or more:
     R 1.3Mb
     libs 4.0Mb
Flavors: r-devel-linux-x86_64-fedora-clang, r-release-osx-x86_64