Last updated on 2021-04-21 23:47:57 CEST.
Flavor | Version | Tinstall | Tcheck | Ttotal | Status | Flags |
---|---|---|---|---|---|---|
r-devel-linux-x86_64-debian-clang | 0.6.0 | 176.16 | 115.61 | 291.77 | OK | |
r-devel-linux-x86_64-debian-gcc | 0.6.0 | 127.24 | 90.49 | 217.73 | OK | |
r-devel-linux-x86_64-fedora-clang | 0.6.0 | 401.05 | NOTE | |||
r-devel-linux-x86_64-fedora-gcc | 0.6.0 | 379.85 | OK | |||
r-devel-windows-ix86+x86_64 | 0.6.0 | 378.00 | 200.00 | 578.00 | OK | |
r-devel-windows-x86_64-gcc10-UCRT | 0.6.0 | OK | ||||
r-patched-linux-x86_64 | 0.6.0 | 135.26 | 116.28 | 251.54 | WARN | |
r-patched-solaris-x86 | 0.6.0 | 389.30 | OK | |||
r-release-linux-x86_64 | 0.6.0 | 150.60 | 115.39 | 265.99 | OK | |
r-release-macos-x86_64 | 0.6.0 | NOTE | ||||
r-release-windows-ix86+x86_64 | 0.6.0 | 384.00 | 200.00 | 584.00 | OK | |
r-oldrel-macos-x86_64 | 0.6.0 | NOTE | ||||
r-oldrel-windows-ix86+x86_64 | 0.6.0 | 288.00 | 182.00 | 470.00 | OK |
Version: 0.6.0
Check: installed package size
Result: NOTE
installed size is 6.1Mb
sub-directories of 1Mb or more:
R 1.4Mb
libs 4.2Mb
Flavors: r-devel-linux-x86_64-fedora-clang, r-release-macos-x86_64, r-oldrel-macos-x86_64
Version: 0.6.0
Check: whether package can be installed
Result: WARN
Found the following significant warnings:
Rd warning: /tmp/RtmpN7vQcx/R.INSTALL5d936154c9cb/coala/man/sumstat_class.Rd:12: file link ‘coalmodelpart’ in package ‘coala’ does not exist and so has been treated as a topic
Flavor: r-patched-linux-x86_64