CRAN Package Check Results for Package cna

Last updated on 2022-01-19 23:48:54 CET.

Flavor Version Tinstall Tcheck Ttotal Status Flags
r-devel-linux-x86_64-debian-clang 3.3.0 OK
r-devel-linux-x86_64-debian-gcc 3.3.0 70.98 142.38 213.36 OK
r-devel-linux-x86_64-fedora-clang 3.3.0 367.08 OK
r-devel-linux-x86_64-fedora-gcc 3.3.0 333.94 OK
r-devel-windows-x86_64-new-UL 3.3.0 151.00 221.00 372.00 OK
r-devel-windows-x86_64-new-TK 3.3.0 OK
r-patched-linux-x86_64 3.3.0 85.10 173.87 258.97 OK
r-release-linux-x86_64 3.3.0 OK
r-release-macos-arm64 3.3.0 NOTE
r-release-macos-x86_64 3.3.0 OK
r-release-windows-ix86+x86_64 3.3.0 214.00 272.00 486.00 OK
r-oldrel-macos-x86_64 3.3.0 OK
r-oldrel-windows-ix86+x86_64 3.3.0 215.00 275.00 490.00 OK

Check Details

Version: 3.3.0
Check: installed package size
Result: NOTE
     installed size is 5.4Mb
     sub-directories of 1Mb or more:
     libs 4.1Mb
Flavor: r-release-macos-arm64