Last updated on 2022-05-24 23:53:04 CEST.
Flavor | Version | Tinstall | Tcheck | Ttotal | Status | Flags |
---|---|---|---|---|---|---|
r-devel-linux-x86_64-debian-clang | 1.1.11 | 17.59 | 95.06 | 112.65 | NOTE | |
r-devel-linux-x86_64-debian-gcc | 1.1.11 | 10.40 | 70.52 | 80.92 | NOTE | |
r-devel-linux-x86_64-fedora-clang | 1.1.11 | 130.94 | NOTE | |||
r-devel-linux-x86_64-fedora-gcc | 1.1.11 | 117.04 | NOTE | |||
r-devel-windows-x86_64 | 1.1.11 | 50.00 | 114.00 | 164.00 | OK | |
r-patched-linux-x86_64 | 1.1.11 | 10.57 | 90.03 | 100.60 | NOTE | |
r-release-linux-x86_64 | 1.1.11 | NOTE | ||||
r-release-macos-arm64 | 1.1.11 | 34.00 | NOTE | |||
r-release-macos-x86_64 | 1.1.11 | 55.00 | NOTE | |||
r-release-windows-x86_64 | 1.1.11 | 57.00 | 104.00 | 161.00 | OK | |
r-oldrel-macos-arm64 | 1.1.11 | 32.00 | NOTE | |||
r-oldrel-macos-x86_64 | 1.1.11 | 46.00 | NOTE | |||
r-oldrel-windows-ix86+x86_64 | 1.1.11 | 24.00 | 101.00 | 125.00 | OK |
Version: 1.1.11
Check: package dependencies
Result: NOTE
Package suggested but not available for checking: 'plotKML'
Flavors: r-devel-linux-x86_64-debian-clang, r-devel-linux-x86_64-debian-gcc, r-devel-linux-x86_64-fedora-gcc, r-patched-linux-x86_64, r-release-linux-x86_64
Version: 1.1.11
Check: package dependencies
Result: NOTE
Package suggested but not available for checking: ‘plotKML’
Imports includes 21 non-default packages.
Importing from so many packages makes the package vulnerable to any of
them becoming unavailable. Move as many as possible to Suggests and
use conditionally.
Flavor: r-devel-linux-x86_64-fedora-clang
Version: 1.1.11
Check: dependencies in R code
Result: NOTE
Namespaces in Imports field not imported from:
‘maptools’ ‘rgdal’ ‘rworldxtra’
All declared Imports should be used.
Flavors: r-devel-linux-x86_64-fedora-clang, r-devel-linux-x86_64-fedora-gcc, r-release-macos-arm64, r-release-macos-x86_64, r-oldrel-macos-arm64, r-oldrel-macos-x86_64