CRAN Package Check Results for Package clustvarsel

Last updated on 2022-01-19 23:48:54 CET.

Flavor Version Tinstall Tcheck Ttotal Status Flags
r-devel-linux-x86_64-debian-clang 2.3.4 NOTE
r-devel-linux-x86_64-debian-gcc 2.3.4 8.69 75.80 84.49 NOTE
r-devel-linux-x86_64-fedora-clang 2.3.4 126.38 NOTE
r-devel-linux-x86_64-fedora-gcc 2.3.4 115.24 NOTE
r-devel-windows-x86_64-new-UL 2.3.4 29.00 128.00 157.00 NOTE --no-vignettes
r-devel-windows-x86_64-new-TK 2.3.4 NOTE
r-patched-linux-x86_64 2.3.4 12.79 90.46 103.25 NOTE
r-release-linux-x86_64 2.3.4 NOTE
r-release-macos-arm64 2.3.4 NOTE
r-release-macos-x86_64 2.3.4 NOTE
r-release-windows-ix86+x86_64 2.3.4 21.00 103.00 124.00 NOTE --no-vignettes
r-oldrel-macos-x86_64 2.3.4 OK
r-oldrel-windows-ix86+x86_64 2.3.4 21.00 78.00 99.00 OK --no-vignettes

Check Details

Version: 2.3.4
Check: LazyData
Result: NOTE
     'LazyData' is specified without a 'data' directory
Flavors: r-devel-linux-x86_64-debian-clang, r-devel-linux-x86_64-debian-gcc, r-devel-linux-x86_64-fedora-clang, r-devel-linux-x86_64-fedora-gcc, r-devel-windows-x86_64-new-TK, r-patched-linux-x86_64, r-release-linux-x86_64, r-release-macos-arm64, r-release-macos-x86_64

Version: 2.3.4
Flags: --no-vignettes
Check: LazyData
Result: NOTE
     'LazyData' is specified without a 'data' directory
Flavors: r-devel-windows-x86_64-new-UL, r-release-windows-ix86+x86_64