CRAN Package Check Results for Package clustringr

Last updated on 2022-06-28 23:54:01 CEST.

Flavor Version Tinstall Tcheck Ttotal Status Flags
r-devel-linux-x86_64-debian-clang 1.0 7.77 71.14 78.91 OK
r-devel-linux-x86_64-debian-gcc 1.0 5.44 53.79 59.23 OK
r-devel-linux-x86_64-fedora-clang 1.0 105.27 NOTE
r-devel-linux-x86_64-fedora-gcc 1.0 101.25 NOTE
r-devel-windows-x86_64 1.0 20.00 92.00 112.00 OK
r-patched-linux-x86_64 1.0 6.20 67.25 73.45 OK
r-release-linux-x86_64 1.0 6.65 67.87 74.52 OK
r-release-macos-arm64 1.0 32.00 NOTE
r-release-macos-x86_64 1.0 54.00 NOTE
r-release-windows-x86_64 1.0 18.00 91.00 109.00 OK
r-oldrel-macos-arm64 1.0 39.00 NOTE
r-oldrel-macos-x86_64 1.0 52.00 NOTE
r-oldrel-windows-ix86+x86_64 1.0 20.00 88.00 108.00 OK

Check Details

Version: 1.0
Check: dependencies in R code
Result: NOTE
    Namespace in Imports field not imported from: ‘stringi’
     All declared Imports should be used.
Flavors: r-devel-linux-x86_64-fedora-clang, r-devel-linux-x86_64-fedora-gcc, r-release-macos-arm64, r-release-macos-x86_64, r-oldrel-macos-arm64, r-oldrel-macos-x86_64

Version: 1.0
Check: data for non-ASCII characters
Result: NOTE
     Note: found 5626 marked UTF-8 strings
Flavors: r-devel-linux-x86_64-fedora-clang, r-devel-linux-x86_64-fedora-gcc, r-release-macos-arm64, r-release-macos-x86_64, r-oldrel-macos-arm64, r-oldrel-macos-x86_64