CRAN Package Check Results for Package clustcurv

Last updated on 2020-05-24 23:47:40 CEST.

Flavor Version Tinstall Tcheck Ttotal Status Flags
r-devel-linux-x86_64-debian-clang 2.0.0 11.36 104.72 116.08 OK
r-devel-linux-x86_64-debian-gcc 2.0.0 10.01 79.07 89.08 OK
r-devel-linux-x86_64-fedora-clang 2.0.0 136.22 NOTE
r-devel-linux-x86_64-fedora-gcc 2.0.0 137.94 NOTE
r-devel-windows-ix86+x86_64 2.0.0 38.00 161.00 199.00 OK
r-patched-linux-x86_64 2.0.0 10.67 102.62 113.29 OK
r-patched-solaris-x86 2.0.0 202.30 NOTE
r-release-linux-x86_64 2.0.0 11.46 101.33 112.79 OK
r-release-osx-x86_64 2.0.0 NOTE
r-release-windows-ix86+x86_64 2.0.0 34.00 146.00 180.00 OK
r-oldrel-osx-x86_64 2.0.0 NOTE
r-oldrel-windows-ix86+x86_64 2.0.0 25.00 183.00 208.00 OK

Check Details

Version: 2.0.0
Check: dependencies in R code
Result: NOTE
    Namespace in Imports field not imported from: ‘KernSmooth’
     All declared Imports should be used.
Flavors: r-devel-linux-x86_64-fedora-clang, r-devel-linux-x86_64-fedora-gcc, r-patched-solaris-x86, r-release-osx-x86_64, r-oldrel-osx-x86_64