Last updated on 2023-09-21 00:56:27 CEST.
Flavor | Version | Tinstall | Tcheck | Ttotal | Status | Flags |
---|---|---|---|---|---|---|
r-devel-linux-x86_64-debian-clang | 0.3.0 | 15.28 | 152.32 | 167.60 | NOTE | |
r-devel-linux-x86_64-debian-gcc | 0.3.0 | 12.98 | 109.02 | 122.00 | NOTE | |
r-devel-linux-x86_64-fedora-clang | 0.3.0 | 204.29 | NOTE | |||
r-devel-linux-x86_64-fedora-gcc | 0.3.0 | 194.26 | NOTE | |||
r-devel-windows-x86_64 | 0.3.0 | 17.00 | 120.00 | 137.00 | NOTE | |
r-patched-linux-x86_64 | 0.3.0 | 13.80 | 139.27 | 153.07 | OK | |
r-release-linux-x86_64 | 0.3.0 | 14.45 | 144.44 | 158.89 | OK | |
r-release-macos-arm64 | 0.3.0 | 61.00 | OK | |||
r-release-macos-x86_64 | 0.3.0 | 99.00 | OK | |||
r-release-windows-x86_64 | 0.3.0 | 20.00 | 143.00 | 163.00 | OK | |
r-oldrel-macos-arm64 | 0.3.0 | 55.00 | OK | |||
r-oldrel-macos-x86_64 | 0.3.0 | 76.00 | OK | |||
r-oldrel-windows-x86_64 | 0.3.0 | 21.00 | 153.00 | 174.00 | OK |
Version: 0.3.0
Check: Rd \usage sections
Result: NOTE
Objects in \usage without \alias in documentation object 'internals':
‘.get_ave_sil_width’ ‘.get_withinSS’ ‘print.clustEff’
‘print.summary.clustEff’ ‘print.fpcac’ ‘print.summary.fpcac’
Functions with \usage entries need to have the appropriate \alias
entries, and all their arguments documented.
The \usage entries must correspond to syntactically valid R code.
See chapter ‘Writing R documentation files’ in the ‘Writing R
Extensions’ manual.
Flavors: r-devel-linux-x86_64-debian-clang, r-devel-linux-x86_64-debian-gcc, r-devel-linux-x86_64-fedora-clang, r-devel-linux-x86_64-fedora-gcc, r-devel-windows-x86_64