CRAN Package Check Results for Package cluscov

Last updated on 2022-06-29 23:53:16 CEST.

Flavor Version Tinstall Tcheck Ttotal Status Flags
r-devel-linux-x86_64-debian-clang 1.1.0 4.41 32.11 36.52 NOTE
r-devel-linux-x86_64-debian-gcc 1.1.0 3.05 24.57 27.62 NOTE
r-devel-linux-x86_64-fedora-clang 1.1.0 53.96 NOTE
r-devel-linux-x86_64-fedora-gcc 1.1.0 52.99 NOTE
r-devel-windows-x86_64 1.1.0 21.00 70.00 91.00 NOTE
r-patched-linux-x86_64 1.1.0 4.01 31.53 35.54 NOTE
r-release-linux-x86_64 1.1.0 3.14 31.02 34.16 NOTE
r-release-macos-arm64 1.1.0 23.00 NOTE
r-release-macos-x86_64 1.1.0 25.00 NOTE
r-release-windows-x86_64 1.1.0 17.00 76.00 93.00 NOTE
r-oldrel-macos-arm64 1.1.0 24.00 NOTE
r-oldrel-macos-x86_64 1.1.0 28.00 NOTE
r-oldrel-windows-ix86+x86_64 1.1.0 12.00 64.00 76.00 NOTE

Check Details

Version: 1.1.0
Check: LazyData
Result: NOTE
     'LazyData' is specified without a 'data' directory
Flavors: r-devel-linux-x86_64-debian-clang, r-devel-linux-x86_64-debian-gcc, r-devel-linux-x86_64-fedora-clang, r-devel-linux-x86_64-fedora-gcc, r-devel-windows-x86_64, r-patched-linux-x86_64, r-release-linux-x86_64, r-release-macos-arm64, r-release-macos-x86_64, r-release-windows-x86_64, r-oldrel-macos-arm64, r-oldrel-macos-x86_64, r-oldrel-windows-ix86+x86_64