Last updated on 2023-04-02 00:57:11 CEST.
Flavor | Version | Tinstall | Tcheck | Ttotal | Status | Flags |
---|---|---|---|---|---|---|
r-devel-linux-x86_64-debian-clang | 0.5.2 | 5.11 | 53.07 | 58.18 | OK | |
r-devel-linux-x86_64-debian-gcc | 0.5.2 | 4.50 | 39.88 | 44.38 | OK | |
r-devel-linux-x86_64-fedora-clang | 0.5.2 | 74.16 | NOTE | |||
r-devel-linux-x86_64-fedora-gcc | 0.5.2 | 81.06 | NOTE | |||
r-devel-windows-x86_64 | 0.5.2 | 13.00 | 105.00 | 118.00 | OK | |
r-patched-linux-x86_64 | 0.5.2 | 4.82 | 52.13 | 56.95 | OK | |
r-release-linux-x86_64 | 0.5.2 | 4.16 | 53.91 | 58.07 | OK | |
r-release-macos-arm64 | 0.5.2 | 54.00 | OK | |||
r-release-macos-x86_64 | 0.5.2 | 67.00 | OK | |||
r-release-windows-x86_64 | 0.5.2 | 41.00 | 128.00 | 169.00 | OK | |
r-oldrel-macos-arm64 | 0.5.2 | 58.00 | OK | |||
r-oldrel-macos-x86_64 | 0.5.2 | 70.00 | OK | |||
r-oldrel-windows-ix86+x86_64 | 0.5.2 | 12.00 | 94.00 | 106.00 | NOTE |
Version: 0.5.2
Check: data for non-ASCII characters
Result: NOTE
Note: found 10332 marked UTF-8 strings
Flavors: r-devel-linux-x86_64-fedora-clang, r-devel-linux-x86_64-fedora-gcc
Version: 0.5.2
Check: dependencies in R code
Result: NOTE
Initiating curl with CURL_SSL_BACKEND: openssl
Flavor: r-oldrel-windows-ix86+x86_64