CRAN Package Check Results for Package clda

Last updated on 2022-07-05 23:55:37 CEST.

Flavor Version Tinstall Tcheck Ttotal Status Flags
r-devel-linux-x86_64-debian-clang 0.1 1.43 21.89 23.32 NOTE
r-devel-linux-x86_64-debian-gcc 0.1 1.46 17.00 18.46 NOTE
r-devel-linux-x86_64-fedora-clang 0.1 39.80 NOTE
r-devel-linux-x86_64-fedora-gcc 0.1 38.94 NOTE
r-devel-windows-x86_64 0.1 10.00 47.00 57.00 NOTE
r-patched-linux-x86_64 0.1 1.83 21.18 23.01 NOTE
r-release-linux-x86_64 0.1 1.54 21.14 22.68 NOTE
r-release-macos-arm64 0.1 13.00 NOTE
r-release-macos-x86_64 0.1 27.00 NOTE
r-release-windows-x86_64 0.1 10.00 46.00 56.00 NOTE
r-oldrel-macos-arm64 0.1 28.00 NOTE
r-oldrel-macos-x86_64 0.1 24.00 NOTE
r-oldrel-windows-ix86+x86_64 0.1 5.00 40.00 45.00 NOTE

Check Details

Version: 0.1
Check: LazyData
Result: NOTE
     'LazyData' is specified without a 'data' directory
Flavors: r-devel-linux-x86_64-debian-clang, r-devel-linux-x86_64-debian-gcc, r-devel-linux-x86_64-fedora-clang, r-devel-linux-x86_64-fedora-gcc, r-devel-windows-x86_64, r-patched-linux-x86_64, r-release-linux-x86_64, r-release-macos-arm64, r-release-macos-x86_64, r-release-windows-x86_64, r-oldrel-macos-arm64, r-oldrel-macos-x86_64, r-oldrel-windows-ix86+x86_64