Last updated on 2022-06-26 23:51:55 CEST.
Flavor | Version | Tinstall | Tcheck | Ttotal | Status | Flags |
---|---|---|---|---|---|---|
r-devel-linux-x86_64-debian-clang | 0.4.1 | 2.45 | 31.97 | 34.42 | OK | |
r-devel-linux-x86_64-debian-gcc | 0.4.1 | 1.71 | 23.89 | 25.60 | OK | |
r-devel-linux-x86_64-fedora-clang | 0.4.1 | 51.36 | NOTE | |||
r-devel-linux-x86_64-fedora-gcc | 0.4.1 | 50.09 | OK | |||
r-devel-windows-x86_64 | 0.4.1 | 21.00 | 57.00 | 78.00 | OK | |
r-patched-linux-x86_64 | 0.4.1 | 2.29 | 30.31 | 32.60 | OK | |
r-release-linux-x86_64 | 0.4.1 | 2.05 | 29.91 | 31.96 | OK | |
r-release-macos-arm64 | 0.4.1 | 24.00 | OK | |||
r-release-macos-x86_64 | 0.4.1 | 24.00 | OK | |||
r-release-windows-x86_64 | 0.4.1 | 14.00 | 54.00 | 68.00 | OK | |
r-oldrel-macos-arm64 | 0.4.1 | 24.00 | OK | |||
r-oldrel-macos-x86_64 | 0.4.1 | 23.00 | OK | |||
r-oldrel-windows-ix86+x86_64 | 0.4.1 | 6.00 | 50.00 | 56.00 | OK |
Version: 0.4.1
Check: Rd cross-references
Result: NOTE
Undeclared package ‘reshape’ in Rd xrefs
Flavor: r-devel-linux-x86_64-fedora-clang