CRAN Package Check Results for Package clValid

Last updated on 2022-07-03 23:55:42 CEST.

Flavor Version Tinstall Tcheck Ttotal Status Flags
r-devel-linux-x86_64-debian-clang 0.7 4.52 135.47 139.99 OK
r-devel-linux-x86_64-debian-gcc 0.7 3.93 97.86 101.79 OK
r-devel-linux-x86_64-fedora-clang 0.7 172.15 OK
r-devel-linux-x86_64-fedora-gcc 0.7 174.03 OK
r-devel-windows-x86_64 0.7 18.00 174.00 192.00 OK
r-patched-linux-x86_64 0.7 4.20 125.48 129.68 OK
r-release-linux-x86_64 0.7 4.72 126.40 131.12 OK
r-release-macos-arm64 0.7 29.00 NOTE
r-release-macos-x86_64 0.7 85.00 OK
r-release-windows-x86_64 0.7 20.00 179.00 199.00 OK
r-oldrel-macos-arm64 0.7 53.00 NOTE
r-oldrel-macos-x86_64 0.7 81.00 NOTE
r-oldrel-windows-ix86+x86_64 0.7 14.00 164.00 178.00 OK

Check Details

Version: 0.7
Check: package dependencies
Result: NOTE
    Packages suggested but not available for checking:
     'Biobase', 'annotate', 'GO.db', 'moe430a.db'
Flavor: r-release-macos-arm64

Version: 0.7
Check: package dependencies
Result: NOTE
    Packages suggested but not available for checking: 'GO.db', 'moe430a.db'
Flavors: r-oldrel-macos-arm64, r-oldrel-macos-x86_64