CRAN Package Check Results for Package ciuupi

Last updated on 2021-01-18 23:49:26 CET.

Flavor Version Tinstall Tcheck Ttotal Status Flags
r-devel-linux-x86_64-debian-clang 1.1.0 2.62 24.95 27.57 NOTE
r-devel-linux-x86_64-debian-gcc 1.1.0 1.79 20.03 21.82 NOTE
r-devel-linux-x86_64-fedora-clang 1.1.0 43.68 OK
r-devel-linux-x86_64-fedora-gcc 1.1.0 33.90 OK
r-devel-windows-ix86+x86_64 1.1.0 6.00 33.00 39.00 NOTE
r-patched-linux-x86_64 1.1.0 2.25 24.05 26.30 NOTE
r-patched-solaris-x86 1.1.0 49.40 OK
r-release-linux-x86_64 1.1.0 2.34 24.35 26.69 NOTE
r-release-macos-x86_64 1.1.0 OK
r-release-windows-ix86+x86_64 1.1.0 6.00 33.00 39.00 NOTE
r-oldrel-macos-x86_64 1.1.0 OK
r-oldrel-windows-ix86+x86_64 1.1.0 3.00 30.00 33.00 OK

Check Details

Version: 1.1.0
Check: package vignettes
Result: NOTE
    Package vignette with placeholder title 'Vignette Title':
     'desciption-ciuupi.Rmd'
Flavors: r-devel-linux-x86_64-debian-clang, r-devel-linux-x86_64-debian-gcc, r-devel-windows-ix86+x86_64, r-patched-linux-x86_64, r-release-linux-x86_64, r-release-windows-ix86+x86_64