CRAN Package Check Results for Package cinaR

Last updated on 2022-08-13 23:51:41 CEST.

Flavor Version Tinstall Tcheck Ttotal Status Flags
r-devel-linux-x86_64-debian-clang 0.2.3 6.04 153.61 159.65 OK
r-devel-linux-x86_64-debian-gcc 0.2.3 6.34 116.14 122.48 OK
r-devel-linux-x86_64-fedora-clang 0.2.3 212.02 OK
r-devel-linux-x86_64-fedora-gcc 0.2.3 209.96 OK
r-devel-windows-x86_64 0.2.3 20.00 178.00 198.00 OK
r-patched-linux-x86_64 0.2.3 7.32 144.27 151.59 OK
r-release-linux-x86_64 0.2.3 6.71 144.26 150.97 OK
r-release-macos-arm64 0.2.3 6.00 ERROR
r-release-macos-x86_64 0.2.3 9.00 ERROR
r-release-windows-x86_64 0.2.3 22.00 183.00 205.00 OK
r-oldrel-macos-arm64 0.2.3 9.00 ERROR
r-oldrel-macos-x86_64 0.2.3 12.00 ERROR
r-oldrel-windows-ix86+x86_64 0.2.3 18.00 180.00 198.00 OK

Check Details

Version: 0.2.3
Check: package dependencies
Result: ERROR
    Packages required but not available:
     'ChIPseeker', 'TxDb.Hsapiens.UCSC.hg38.knownGene',
     'TxDb.Mmusculus.UCSC.mm10.knownGene'
    
    See section ‘The DESCRIPTION file’ in the ‘Writing R Extensions’
    manual.
Flavor: r-release-macos-arm64

Version: 0.2.3
Check: package dependencies
Result: ERROR
    Package required but not available: ‘TxDb.Mmusculus.UCSC.mm10.knownGene’
    
    See section ‘The DESCRIPTION file’ in the ‘Writing R Extensions’
    manual.
Flavors: r-release-macos-x86_64, r-oldrel-macos-arm64, r-oldrel-macos-x86_64