CRAN Package Check Results for Package ciTools

Last updated on 2024-06-22 00:57:55 CEST.

Flavor Version Tinstall Tcheck Ttotal Status Flags
r-devel-linux-x86_64-debian-clang 0.6.1 15.71 342.00 357.71 NOTE
r-devel-linux-x86_64-debian-gcc 0.6.1 11.34 252.34 263.68 NOTE
r-devel-linux-x86_64-fedora-clang 0.6.1 438.51 NOTE
r-devel-linux-x86_64-fedora-gcc 0.6.1 448.55 NOTE
r-devel-windows-x86_64 0.6.1 13.00 226.00 239.00 NOTE
r-patched-linux-x86_64 0.6.1 16.53 322.66 339.19 NOTE
r-release-linux-x86_64 0.6.1 11.35 328.27 339.62 NOTE
r-release-macos-arm64 0.6.1 119.00 NOTE
r-release-macos-x86_64 0.6.1 169.00 NOTE
r-release-windows-x86_64 0.6.1 12.00 223.00 235.00 NOTE
r-oldrel-macos-arm64 0.6.1 129.00 NOTE
r-oldrel-macos-x86_64 0.6.1 213.00 NOTE
r-oldrel-windows-x86_64 0.6.1 16.00 292.00 308.00 NOTE

Check Details

Version: 0.6.1
Check: LazyData
Result: NOTE 'LazyData' is specified without a 'data' directory Flavors: r-devel-linux-x86_64-debian-clang, r-devel-linux-x86_64-debian-gcc, r-devel-linux-x86_64-fedora-clang, r-devel-linux-x86_64-fedora-gcc, r-devel-windows-x86_64, r-patched-linux-x86_64, r-release-linux-x86_64, r-release-macos-arm64, r-release-macos-x86_64, r-release-windows-x86_64, r-oldrel-macos-arm64, r-oldrel-macos-x86_64, r-oldrel-windows-x86_64