CRAN Package Check Results for Package chillR

Last updated on 2019-11-10 23:48:23 CET.

Flavor Version Tinstall Tcheck Ttotal Status Flags
r-devel-linux-x86_64-debian-clang 0.70.21 21.59 205.82 227.41 OK
r-devel-linux-x86_64-debian-gcc 0.70.21 21.81 151.19 173.00 OK
r-devel-linux-x86_64-fedora-clang 0.70.21 279.20 OK
r-devel-linux-x86_64-fedora-gcc 0.70.21 202.83 OK
r-devel-windows-ix86+x86_64 0.70.21 43.00 238.00 281.00 OK
r-patched-linux-x86_64 0.70.21 19.80 193.10 212.90 OK
r-patched-solaris-x86 0.70.21 346.10 OK
r-release-linux-x86_64 0.70.21 22.04 193.71 215.75 OK
r-release-windows-ix86+x86_64 0.70.21 52.00 289.00 341.00 OK
r-release-osx-x86_64 0.70.21 OK
r-oldrel-windows-ix86+x86_64 0.70.21 2.00 6.00 8.00 ERROR
r-oldrel-osx-x86_64 0.70.21 OK

Check Details

Version: 0.70.21
Check: whether package can be installed
Result: ERROR
    Installation failed.
Flavor: r-oldrel-windows-ix86+x86_64