CRAN Package Check Results for Package chillR

Last updated on 2019-07-15 00:50:24 CEST.

Flavor Version Tinstall Tcheck Ttotal Status Flags
r-devel-linux-x86_64-debian-clang 0.70.17 21.50 207.22 228.72 NOTE
r-devel-linux-x86_64-debian-gcc 0.70.17 17.33 155.93 173.26 NOTE
r-devel-linux-x86_64-fedora-clang 0.70.17 272.56 NOTE
r-devel-linux-x86_64-fedora-gcc 0.70.17 295.33 NOTE
r-devel-windows-ix86+x86_64 0.70.17 37.00 241.00 278.00 OK
r-patched-linux-x86_64 0.70.17 21.80 203.60 225.40 OK
r-patched-solaris-x86 0.70.17 403.90 OK
r-release-linux-x86_64 0.70.17 21.84 202.14 223.98 OK
r-release-windows-ix86+x86_64 0.70.17 41.00 235.00 276.00 OK
r-release-osx-x86_64 0.70.17 OK
r-oldrel-windows-ix86+x86_64 0.70.17 40.00 284.00 324.00 OK
r-oldrel-osx-x86_64 0.70.17 OK

Check Details

Version: 0.70.17
Check: for non-standard things in the check directory
Result: NOTE
    Found the following files/directories:
     'KA1.csv' 'KA2.csv' 'KA3.csv' 'KA4.csv' 'PLS_output' 'PLS_output.csv'
     'PLS_output.png' 'PLS_output_Chill_Portions_GDH.csv'
     'PLS_output_Chill_Portions_GDH.png'
     'PLS_output_Chilling_Hours_GDH.csv'
     'PLS_output_Chilling_Hours_GDH.png'
     'PLS_output_Utah_Chill_Units_GDH.csv'
     'PLS_output_Utah_Chill_Units_GDH.png' 'chillRtempdirectory'
     'daily_chill_unit_accumulation_Chill_Portions.png'
     'pheno_trend_plot.csv' 'pheno_trend_plot.png'
     'temperatures_1_Element1.csv' 'temperatures_2_Element2.csv'
Flavors: r-devel-linux-x86_64-debian-clang, r-devel-linux-x86_64-debian-gcc, r-devel-linux-x86_64-fedora-clang, r-devel-linux-x86_64-fedora-gcc