CRAN Package Check Results for Package childhoodmortality

Last updated on 2020-02-17 00:49:06 CET.

Flavor Version Tinstall Tcheck Ttotal Status Flags
r-devel-linux-x86_64-debian-clang 0.3.0 2.15 25.87 28.02 NOTE
r-devel-linux-x86_64-debian-gcc 0.3.0 1.77 20.36 22.13 NOTE
r-devel-linux-x86_64-fedora-clang 0.3.0 35.93 OK
r-devel-windows-ix86+x86_64 0.3.0 7.00 39.00 46.00 NOTE
r-devel-windows-ix86+x86_64-gcc8 0.3.0 6.00 52.00 58.00 NOTE
r-patched-linux-x86_64 0.3.0 1.53 23.45 24.98 OK
r-patched-solaris-x86 0.3.0 52.70 OK
r-release-linux-x86_64 0.3.0 1.72 23.80 25.52 OK
r-release-windows-ix86+x86_64 0.3.0 6.00 36.00 42.00 OK
r-release-osx-x86_64 0.3.0 OK
r-oldrel-windows-ix86+x86_64 0.3.0 3.00 42.00 45.00 OK
r-oldrel-osx-x86_64 0.3.0 OK

Check Details

Version: 0.3.0
Check: package vignettes
Result: NOTE
    Package vignette with placeholder title 'Vignette Title':
     'childhoodmortality.Rmd'
Flavors: r-devel-linux-x86_64-debian-clang, r-devel-linux-x86_64-debian-gcc, r-devel-windows-ix86+x86_64, r-devel-windows-ix86+x86_64-gcc8