Last updated on 2022-07-02 23:50:32 CEST.
Flavor | Version | Tinstall | Tcheck | Ttotal | Status | Flags |
---|---|---|---|---|---|---|
r-devel-linux-x86_64-debian-clang | 0.5.0 | 4.75 | 42.63 | 47.38 | NOTE | |
r-devel-linux-x86_64-debian-gcc | 0.5.0 | 2.31 | 32.64 | 34.95 | NOTE | |
r-devel-linux-x86_64-fedora-clang | 0.5.0 | 66.57 | NOTE | |||
r-devel-linux-x86_64-fedora-gcc | 0.5.0 | 65.43 | NOTE | |||
r-devel-windows-x86_64 | 0.5.0 | 57.00 | 81.00 | 138.00 | NOTE | |
r-patched-linux-x86_64 | 0.5.0 | 5.21 | 40.78 | 45.99 | NOTE | |
r-release-linux-x86_64 | 0.5.0 | 4.54 | 41.60 | 46.14 | NOTE | |
r-release-macos-arm64 | 0.5.0 | 20.00 | NOTE | |||
r-release-macos-x86_64 | 0.5.0 | 40.00 | NOTE | |||
r-release-windows-x86_64 | 0.5.0 | 45.00 | 78.00 | 123.00 | NOTE | |
r-oldrel-macos-arm64 | 0.5.0 | 29.00 | NOTE | |||
r-oldrel-macos-x86_64 | 0.5.0 | 53.00 | NOTE | |||
r-oldrel-windows-ix86+x86_64 | 0.5.0 | 9.00 | 68.00 | 77.00 | NOTE |
Version: 0.5.0
Check: LazyData
Result: NOTE
'LazyData' is specified without a 'data' directory
Flavors: r-devel-linux-x86_64-debian-clang, r-devel-linux-x86_64-debian-gcc, r-devel-linux-x86_64-fedora-clang, r-devel-linux-x86_64-fedora-gcc, r-devel-windows-x86_64, r-patched-linux-x86_64, r-release-linux-x86_64, r-release-macos-arm64, r-release-macos-x86_64, r-release-windows-x86_64, r-oldrel-macos-arm64, r-oldrel-macos-x86_64, r-oldrel-windows-ix86+x86_64