CRAN Package Check Results for Package cheatsheet

Last updated on 2022-12-02 23:50:24 CET.

Flavor Version Tinstall Tcheck Ttotal Status Flags
r-devel-linux-x86_64-debian-clang 0.1.0 2.61 261.75 264.36 OK
r-devel-linux-x86_64-debian-gcc 0.1.0 1.50 204.57 206.07 OK
r-devel-linux-x86_64-fedora-clang 0.1.0 216.50 NOTE
r-devel-linux-x86_64-fedora-gcc 0.1.0 214.96 NOTE
r-devel-windows-x86_64 0.1.0 13.00 391.00 404.00 OK
r-patched-linux-x86_64 0.1.0 2.50 251.85 254.35 OK
r-release-linux-x86_64 0.1.0 2.36 254.00 256.36 OK
r-release-macos-arm64 0.1.0 599.00 NOTE
r-release-macos-x86_64 0.1.0 443.00 NOTE
r-release-windows-x86_64 0.1.0 10.00 613.00 623.00 OK
r-oldrel-macos-arm64 0.1.0 526.00 NOTE
r-oldrel-macos-x86_64 0.1.0 734.00 NOTE
r-oldrel-windows-ix86+x86_64 0.1.0 7.00 417.00 424.00 OK

Check Details

Version: 0.1.0
Check: dependencies in R code
Result: NOTE
    Namespaces in Imports field not imported from:
     ‘rappdirs’ ‘stringr’
     All declared Imports should be used.
Flavors: r-devel-linux-x86_64-fedora-clang, r-devel-linux-x86_64-fedora-gcc, r-release-macos-arm64, r-release-macos-x86_64, r-oldrel-macos-arm64, r-oldrel-macos-x86_64