CRAN Package Check Results for Package ceser

Last updated on 2021-03-01 23:48:51 CET.

Flavor Version Tinstall Tcheck Ttotal Status Flags
r-devel-linux-x86_64-debian-clang 1.0.0 OK
r-devel-linux-x86_64-debian-gcc 1.0.0 1.86 23.12 24.98 OK
r-devel-linux-x86_64-fedora-clang 1.0.0 48.94 NOTE
r-devel-linux-x86_64-fedora-gcc 1.0.0 39.00 NOTE
r-devel-windows-ix86+x86_64 1.0.0 4.00 37.00 41.00 OK
r-patched-linux-x86_64 1.0.0 2.24 28.88 31.12 OK
r-patched-solaris-x86 1.0.0 58.00 NOTE
r-release-linux-x86_64 1.0.0 2.21 28.88 31.09 OK
r-release-macos-x86_64 1.0.0 NOTE
r-release-windows-ix86+x86_64 1.0.0 7.00 46.00 53.00 OK
r-oldrel-macos-x86_64 1.0.0 NOTE
r-oldrel-windows-ix86+x86_64 1.0.0 3.00 44.00 47.00 OK

Check Details

Version: 1.0.0
Check: dependencies in R code
Result: NOTE
    Namespace in Imports field not imported from: ‘lmtest’
     All declared Imports should be used.
Flavors: r-devel-linux-x86_64-fedora-clang, r-devel-linux-x86_64-fedora-gcc, r-patched-solaris-x86, r-release-macos-x86_64, r-oldrel-macos-x86_64