CRAN Package Check Results for Package cepreader

Last updated on 2022-01-21 23:48:41 CET.

Flavor Version Tinstall Tcheck Ttotal Status Flags
r-devel-linux-x86_64-debian-clang 1.2-0 6.37 63.29 69.66 OK
r-devel-linux-x86_64-debian-gcc 1.2-0 5.40 50.13 55.53 OK
r-devel-linux-x86_64-fedora-clang 1.2-0 90.88 NOTE
r-devel-linux-x86_64-fedora-gcc 1.2-0 74.71 OK
r-devel-windows-x86_64-new-UL 1.2-0 27.00 81.00 108.00 OK
r-devel-windows-x86_64-new-TK 1.2-0 OK
r-patched-linux-x86_64 1.2-0 5.29 62.41 67.70 OK
r-release-linux-x86_64 1.2-0 6.76 61.61 68.37 OK
r-release-macos-arm64 1.2-0 ERROR
r-release-macos-x86_64 1.2-0 OK
r-release-windows-ix86+x86_64 1.2-0 12.00 75.00 87.00 OK
r-oldrel-macos-x86_64 1.2-0 OK
r-oldrel-windows-ix86+x86_64 1.2-0 12.00 73.00 85.00 OK

Check Details

Version: 1.2-0
Check: Rd cross-references
Result: NOTE
    Undeclared package ‘vegan’ in Rd xrefs
Flavor: r-devel-linux-x86_64-fedora-clang

Version: 1.2-0
Check: whether package can be installed
Result: ERROR
    Installation failed.
Flavor: r-release-macos-arm64