CRAN Package Check Results for Package cepR

Last updated on 2022-12-02 23:50:24 CET.

Flavor Version Tinstall Tcheck Ttotal Status Flags
r-devel-linux-x86_64-debian-clang 0.1.2 5.02 46.68 51.70 NOTE
r-devel-linux-x86_64-debian-gcc 0.1.2 2.73 34.64 37.37 NOTE
r-devel-linux-x86_64-fedora-clang 0.1.2 74.36 NOTE
r-devel-linux-x86_64-fedora-gcc 0.1.2 72.13 NOTE
r-devel-windows-x86_64 0.1.2 14.00 70.00 84.00 NOTE
r-patched-linux-x86_64 0.1.2 4.14 43.28 47.42 NOTE
r-release-linux-x86_64 0.1.2 4.64 43.20 47.84 NOTE
r-release-macos-arm64 0.1.2 20.00 NOTE
r-release-macos-x86_64 0.1.2 41.00 NOTE
r-release-windows-x86_64 0.1.2 16.00 74.00 90.00 NOTE
r-oldrel-macos-arm64 0.1.2 24.00 NOTE
r-oldrel-macos-x86_64 0.1.2 38.00 NOTE
r-oldrel-windows-ix86+x86_64 0.1.2 12.00 71.00 83.00 NOTE

Check Details

Version: 0.1.2
Check: LazyData
Result: NOTE
     'LazyData' is specified without a 'data' directory
Flavors: r-devel-linux-x86_64-debian-clang, r-devel-linux-x86_64-debian-gcc, r-devel-linux-x86_64-fedora-clang, r-devel-linux-x86_64-fedora-gcc, r-devel-windows-x86_64, r-patched-linux-x86_64, r-release-linux-x86_64, r-release-macos-arm64, r-release-macos-x86_64, r-release-windows-x86_64, r-oldrel-macos-arm64, r-oldrel-macos-x86_64, r-oldrel-windows-ix86+x86_64