CRAN Package Check Results for Package censorcopula

Last updated on 2020-01-19 23:46:40 CET.

Flavor Version Tinstall Tcheck Ttotal Status Flags
r-devel-linux-x86_64-debian-clang 2.0 8.35 64.91 73.26 NOTE
r-devel-linux-x86_64-debian-gcc 2.0 7.20 52.21 59.41 NOTE
r-devel-linux-x86_64-fedora-clang 2.0 90.95 NOTE
r-devel-linux-x86_64-fedora-gcc 2.0 85.17 NOTE
r-devel-windows-ix86+x86_64 2.0 24.00 80.00 104.00 NOTE
r-devel-windows-ix86+x86_64-gcc8 2.0 18.00 117.00 135.00 NOTE
r-patched-linux-x86_64 2.0 7.18 57.09 64.27 NOTE
r-patched-solaris-x86 2.0 128.10 NOTE
r-release-linux-x86_64 2.0 7.42 57.29 64.71 NOTE
r-release-windows-ix86+x86_64 2.0 19.00 66.00 85.00 NOTE
r-release-osx-x86_64 2.0 NOTE
r-oldrel-windows-ix86+x86_64 2.0 7.00 67.00 74.00 NOTE
r-oldrel-osx-x86_64 2.0 NOTE

Check Details

Version: 2.0
Check: dependencies in R code
Result: NOTE
    Unexported objects imported by ':::' calls:
     'copula:::dCdu' 'copula:::fitCopStart'
     See the note in ?`:::` about the use of this operator.
Flavors: r-devel-linux-x86_64-debian-clang, r-devel-linux-x86_64-debian-gcc, r-devel-linux-x86_64-fedora-clang, r-devel-linux-x86_64-fedora-gcc, r-devel-windows-ix86+x86_64, r-devel-windows-ix86+x86_64-gcc8, r-patched-linux-x86_64, r-patched-solaris-x86, r-release-linux-x86_64, r-release-windows-ix86+x86_64, r-release-osx-x86_64, r-oldrel-windows-ix86+x86_64, r-oldrel-osx-x86_64