CRAN Package Check Results for Package censorcopula

Last updated on 2020-08-13 23:48:25 CEST.

Flavor Version Tinstall Tcheck Ttotal Status Flags
r-devel-linux-x86_64-debian-clang 2.0 8.75 62.69 71.44 NOTE
r-devel-linux-x86_64-debian-gcc 2.0 6.98 50.18 57.16 NOTE
r-devel-linux-x86_64-fedora-clang 2.0 95.67 NOTE
r-devel-linux-x86_64-fedora-gcc 2.0 85.77 NOTE
r-devel-windows-ix86+x86_64 2.0 22.00 67.00 89.00 NOTE
r-patched-linux-x86_64 2.0 8.17 62.60 70.77 NOTE
r-patched-solaris-x86 2.0 141.00 NOTE
r-release-linux-x86_64 2.0 7.77 63.29 71.06 NOTE
r-release-macos-x86_64 2.0 NOTE
r-release-windows-ix86+x86_64 2.0 26.00 76.00 102.00 NOTE
r-oldrel-macos-x86_64 2.0 NOTE
r-oldrel-windows-ix86+x86_64 2.0 12.00 90.00 102.00 NOTE

Check Details

Version: 2.0
Check: dependencies in R code
Result: NOTE
    Unexported objects imported by ':::' calls:
     'copula:::dCdu' 'copula:::fitCopStart'
     See the note in ?`:::` about the use of this operator.
Flavors: r-devel-linux-x86_64-debian-clang, r-devel-linux-x86_64-debian-gcc, r-devel-linux-x86_64-fedora-clang, r-devel-linux-x86_64-fedora-gcc, r-devel-windows-ix86+x86_64, r-patched-linux-x86_64, r-patched-solaris-x86, r-release-linux-x86_64, r-release-macos-x86_64, r-release-windows-ix86+x86_64, r-oldrel-macos-x86_64, r-oldrel-windows-ix86+x86_64