Last updated on 2021-03-02 23:48:27 CET.
Flavor | Version | Tinstall | Tcheck | Ttotal | Status | Flags |
---|---|---|---|---|---|---|
r-devel-linux-x86_64-debian-clang | 0.5-32 | OK | ||||
r-devel-linux-x86_64-debian-gcc | 0.5-32 | 4.11 | 66.50 | 70.61 | OK | |
r-devel-linux-x86_64-fedora-clang | 0.5-32 | 131.66 | NOTE | |||
r-devel-linux-x86_64-fedora-gcc | 0.5-32 | 126.27 | OK | |||
r-devel-windows-ix86+x86_64 | 0.5-32 | 12.00 | 128.00 | 140.00 | OK | |
r-patched-linux-x86_64 | 0.5-32 | 5.21 | 87.72 | 92.93 | OK | |
r-patched-solaris-x86 | 0.5-32 | 171.30 | OK | |||
r-release-linux-x86_64 | 0.5-32 | 5.47 | 87.09 | 92.56 | OK | |
r-release-macos-x86_64 | 0.5-32 | OK | ||||
r-release-windows-ix86+x86_64 | 0.5-32 | 9.00 | 94.00 | 103.00 | OK | |
r-oldrel-macos-x86_64 | 0.5-32 | OK | ||||
r-oldrel-windows-ix86+x86_64 | 0.5-32 | 17.00 | 118.00 | 135.00 | OK |
Version: 0.5-32
Check: Rd cross-references
Result: NOTE
Undeclared package ‘sampleSelection’ in Rd xrefs
Flavor: r-devel-linux-x86_64-fedora-clang