CRAN Package Check Results for Package cencrne

Last updated on 2023-06-09 00:54:17 CEST.

Flavor Version Tinstall Tcheck Ttotal Status Flags
r-devel-linux-x86_64-debian-clang 1.0.0 9.78 77.62 87.40 OK
r-devel-linux-x86_64-debian-gcc 1.0.0 7.76 60.51 68.27 OK
r-devel-linux-x86_64-fedora-clang 1.0.0 110.77 NOTE
r-devel-linux-x86_64-fedora-gcc 1.0.0 116.76 NOTE
r-devel-windows-x86_64 1.0.0 9.00 76.00 85.00 OK
r-patched-linux-x86_64 1.0.0 7.04 75.47 82.51 OK
r-release-linux-x86_64 1.0.0 9.08 74.33 83.41 OK
r-release-macos-arm64 1.0.0 42.00 OK
r-release-macos-x86_64 1.0.0 69.00 OK
r-release-windows-x86_64 1.0.0 11.00 89.00 100.00 OK
r-oldrel-macos-arm64 1.0.0 36.00 OK
r-oldrel-macos-x86_64 1.0.0 50.00 OK
r-oldrel-windows-x86_64 1.0.0 11.00 91.00 102.00 OK

Check Details

Version: 1.0.0
Check: dependencies in R code
Result: NOTE
    Namespace in Imports field not imported from: ‘MASS’
     All declared Imports should be used.
Flavors: r-devel-linux-x86_64-fedora-clang, r-devel-linux-x86_64-fedora-gcc