Last updated on 2023-09-21 00:56:27 CEST.
Flavor | Version | Tinstall | Tcheck | Ttotal | Status | Flags |
---|---|---|---|---|---|---|
r-devel-linux-x86_64-debian-clang | 0.1.3 | 12.28 | 132.35 | 144.63 | NOTE | |
r-devel-linux-x86_64-debian-gcc | 0.1.3 | 10.07 | 96.61 | 106.68 | NOTE | |
r-devel-linux-x86_64-fedora-clang | 0.1.3 | 185.61 | NOTE | |||
r-devel-linux-x86_64-fedora-gcc | 0.1.3 | 184.59 | NOTE | |||
r-devel-windows-x86_64 | 0.1.3 | 10.00 | 111.00 | 121.00 | NOTE | |
r-patched-linux-x86_64 | 0.1.3 | 8.05 | 122.40 | 130.45 | OK | |
r-release-linux-x86_64 | 0.1.3 | 7.15 | 123.15 | 130.30 | OK | |
r-release-macos-arm64 | 0.1.3 | 53.00 | OK | |||
r-release-macos-x86_64 | 0.1.3 | 71.00 | OK | |||
r-release-windows-x86_64 | 0.1.3 | 13.00 | 132.00 | 145.00 | OK | |
r-oldrel-macos-arm64 | 0.1.3 | 57.00 | OK | |||
r-oldrel-macos-x86_64 | 0.1.3 | 71.00 | OK | |||
r-oldrel-windows-x86_64 | 0.1.3 | 15.00 | 139.00 | 154.00 | OK |
Version: 0.1.3
Check: Rd \usage sections
Result: NOTE
Documented arguments not in \usage in documentation object 'evaluate_rule':
‘class’
Documented arguments not in \usage in documentation object 'tree_leaf_nodes':
‘classes.’ ‘invert.’
Functions with \usage entries need to have the appropriate \alias
entries, and all their arguments documented.
The \usage entries must correspond to syntactically valid R code.
See chapter ‘Writing R documentation files’ in the ‘Writing R
Extensions’ manual.
Flavors: r-devel-linux-x86_64-debian-clang, r-devel-linux-x86_64-debian-gcc, r-devel-linux-x86_64-fedora-clang, r-devel-linux-x86_64-fedora-gcc, r-devel-windows-x86_64