CRAN Package Check Results for Package cdcfluview

Last updated on 2019-12-08 23:47:18 CET.

Flavor Version Tinstall Tcheck Ttotal Status Flags
r-devel-linux-x86_64-debian-clang 0.9.0 8.11 62.59 70.70 OK
r-devel-linux-x86_64-debian-gcc 0.9.0 6.00 46.97 52.97 OK
r-devel-linux-x86_64-fedora-clang 0.9.0 84.57 OK
r-devel-linux-x86_64-fedora-gcc 0.9.0 78.45 OK
r-devel-windows-ix86+x86_64 0.9.0 14.00 132.00 146.00 OK
r-devel-windows-ix86+x86_64-gcc8 0.9.0 17.00 101.00 118.00 OK
r-patched-linux-x86_64 0.9.0 7.09 54.66 61.75 OK
r-patched-solaris-x86 0.9.0 121.60 OK
r-release-linux-x86_64 0.9.0 5.69 55.52 61.21 OK
r-release-windows-ix86+x86_64 0.9.0 12.00 97.00 109.00 OK
r-release-osx-x86_64 0.9.0 OK
r-oldrel-windows-ix86+x86_64 0.9.0 8.00 217.00 225.00 ERROR
r-oldrel-osx-x86_64 0.9.0 OK

Check Details

Version: 0.9.0
Check: examples
Result: ERROR
    Running examples in 'cdcfluview-Ex.R' failed
    The error most likely occurred in:
    
    > ### Name: age_group_distribution
    > ### Title: Age Group Distribution of Influenza Positive Tests Reported by
    > ### Public Health Laboratories
    > ### Aliases: age_group_distribution
    >
    > ### ** Examples
    >
    > agd <- age_group_distribution(years=2015)
    Error in age_group_distribution(years = 2015) :
     Internal Server Error (HTTP 500).
    Calls: age_group_distribution -> <Anonymous>
    Execution halted
Flavor: r-oldrel-windows-ix86+x86_64

Version: 0.9.0
Check: tests
Result: ERROR
     Running 'test-all.R' [125s]
    Running the tests in 'tests/test-all.R' failed.
    Complete output:
     > library(testthat)
     > test_check("cdcfluview")
     Loading required package: cdcfluview
     -- 1. Error: New API works (@test-cdcfluview.R#7) -----------------------------
     Internal Server Error (HTTP 500).
     Backtrace:
     1. testthat::expect_that(geographic_spread(years = 2017), is_a("data.frame"))
     6. cdcfluview::geographic_spread(years = 2017)
     7. httr::stop_for_status(res)
    
     -- 2. Error: Old API works (@test-cdcfluview.R#66) ----------------------------
     Internal Server Error (HTTP 500).
     Backtrace:
     1. testthat::expect_that(...)
     6. cdcfluview::get_flu_data("hhs", years = 2015)
     7. httr::stop_for_status(tmp)
    
     == testthat results ===========================================================
     [ OK: 1 | SKIPPED: 0 | WARNINGS: 0 | FAILED: 2 ]
     1. Error: New API works (@test-cdcfluview.R#7)
     2. Error: Old API works (@test-cdcfluview.R#66)
    
     Error: testthat unit tests failed
     Execution halted
Flavor: r-oldrel-windows-ix86+x86_64