Last updated on 2023-06-09 00:54:17 CEST.
Flavor | Version | Tinstall | Tcheck | Ttotal | Status | Flags |
---|---|---|---|---|---|---|
r-devel-linux-x86_64-debian-clang | 0.1.0 | 13.87 | 113.44 | 127.31 | OK | |
r-devel-linux-x86_64-debian-gcc | 0.1.0 | 9.55 | 85.50 | 95.05 | OK | |
r-devel-linux-x86_64-fedora-clang | 0.1.0 | 159.50 | NOTE | |||
r-devel-linux-x86_64-fedora-gcc | 0.1.0 | 151.40 | NOTE | |||
r-devel-windows-x86_64 | 0.1.0 | 14.00 | 95.00 | 109.00 | OK | |
r-patched-linux-x86_64 | 0.1.0 | 14.34 | 108.24 | 122.58 | OK | |
r-release-linux-x86_64 | 0.1.0 | 14.16 | 106.58 | 120.74 | OK | |
r-release-macos-arm64 | 0.1.0 | 43.00 | OK | |||
r-release-macos-x86_64 | 0.1.0 | 78.00 | OK | |||
r-release-windows-x86_64 | 0.1.0 | 18.00 | 118.00 | 136.00 | OK | |
r-oldrel-macos-arm64 | 0.1.0 | 41.00 | NOTE | |||
r-oldrel-macos-x86_64 | 0.1.0 | 93.00 | NOTE | |||
r-oldrel-windows-x86_64 | 0.1.0 | 16.00 | 117.00 | 133.00 | OK |
Version: 0.1.0
Check: dependencies in R code
Result: NOTE
Namespace in Imports field not imported from: ‘methods’
All declared Imports should be used.
Flavors: r-devel-linux-x86_64-fedora-clang, r-devel-linux-x86_64-fedora-gcc, r-oldrel-macos-arm64, r-oldrel-macos-x86_64