CRAN Package Check Results for Package ccid

Last updated on 2023-02-08 00:03:20 CET.

Flavor Version Tinstall Tcheck Ttotal Status Flags
r-devel-linux-x86_64-debian-clang 1.2.0 3.58 163.44 167.02 OK
r-devel-linux-x86_64-debian-gcc 1.2.0 2.99 105.78 108.77 OK
r-devel-linux-x86_64-fedora-clang 1.2.0 203.51 NOTE
r-devel-linux-x86_64-fedora-gcc 1.2.0 195.14 NOTE
r-devel-windows-x86_64 1.2.0 11.00 179.00 190.00 OK
r-patched-linux-x86_64 1.2.0 4.18 155.86 160.04 OK
r-release-linux-x86_64 1.2.0 4.01 162.66 166.67 OK
r-release-macos-arm64 1.2.0 43.00 NOTE
r-release-macos-x86_64 1.2.0 79.00 NOTE
r-release-windows-x86_64 1.2.0 10.00 190.00 200.00 OK
r-oldrel-macos-arm64 1.2.0 54.00 NOTE
r-oldrel-macos-x86_64 1.2.0 77.00 NOTE
r-oldrel-windows-ix86+x86_64 1.2.0 8.00 189.00 197.00 OK

Check Details

Version: 1.2.0
Check: dependencies in R code
Result: NOTE
    Namespace in Imports field not imported from: ‘GeneNet’
     All declared Imports should be used.
Flavors: r-devel-linux-x86_64-fedora-clang, r-devel-linux-x86_64-fedora-gcc, r-release-macos-arm64, r-release-macos-x86_64, r-oldrel-macos-arm64, r-oldrel-macos-x86_64