CRAN Package Check Results for Package cccp

Last updated on 2022-11-26 23:58:11 CET.

Flavor Version Tinstall Tcheck Ttotal Status Flags
r-devel-linux-x86_64-debian-clang 0.2-9 233.19 66.42 299.61 OK
r-devel-linux-x86_64-debian-gcc 0.2-9 195.16 49.27 244.43 OK
r-devel-linux-x86_64-fedora-clang 0.2-9 499.49 OK
r-devel-linux-x86_64-fedora-gcc 0.2-9 433.75 OK
r-devel-windows-x86_64 0.2-9 168.00 131.00 299.00 OK
r-patched-linux-x86_64 0.2-9 OK
r-release-linux-x86_64 0.2-9 198.68 64.18 262.86 OK
r-release-macos-arm64 0.2-9 101.00 NOTE
r-release-macos-x86_64 0.2-9 133.00 NOTE
r-release-windows-x86_64 0.2-9 211.00 133.00 344.00 OK
r-oldrel-macos-arm64 0.2-9 98.00 NOTE
r-oldrel-macos-x86_64 0.2-9 131.00 NOTE
r-oldrel-windows-ix86+x86_64 0.2-9 528.00 138.00 666.00 OK

Check Details

Version: 0.2-9
Check: installed package size
Result: NOTE
     installed size is 17.7Mb
     sub-directories of 1Mb or more:
     libs 17.4Mb
Flavors: r-release-macos-arm64, r-release-macos-x86_64, r-oldrel-macos-arm64, r-oldrel-macos-x86_64