CRAN Package Check Results for Package ccTensor

Last updated on 2022-06-24 23:50:06 CEST.

Flavor Version Tinstall Tcheck Ttotal Status Flags
r-devel-linux-x86_64-debian-clang 1.0.2 3.08 41.50 44.58 OK
r-devel-linux-x86_64-debian-gcc 1.0.2 2.81 30.30 33.11 OK
r-devel-linux-x86_64-fedora-clang 1.0.2 65.72 NOTE
r-devel-linux-x86_64-fedora-gcc 1.0.2 62.58 NOTE
r-devel-windows-x86_64 1.0.2 15.00 64.00 79.00 OK
r-patched-linux-x86_64 1.0.2 2.77 39.68 42.45 OK
r-release-linux-x86_64 1.0.2 3.28 39.64 42.92 OK
r-release-macos-arm64 1.0.2 23.00 NOTE
r-release-macos-x86_64 1.0.2 41.00 NOTE
r-release-windows-x86_64 1.0.2 12.00 65.00 77.00 OK
r-oldrel-macos-arm64 1.0.2 29.00 NOTE
r-oldrel-macos-x86_64 1.0.2 33.00 NOTE
r-oldrel-windows-ix86+x86_64 1.0.2 9.00 57.00 66.00 OK

Check Details

Version: 1.0.2
Check: dependencies in R code
Result: NOTE
    Namespace in Imports field not imported from: ‘fields’
     All declared Imports should be used.
Flavors: r-devel-linux-x86_64-fedora-clang, r-devel-linux-x86_64-fedora-gcc, r-release-macos-arm64, r-release-macos-x86_64, r-oldrel-macos-arm64, r-oldrel-macos-x86_64