Last updated on 2022-06-26 23:51:54 CEST.
Flavor | Version | Tinstall | Tcheck | Ttotal | Status | Flags |
---|---|---|---|---|---|---|
r-devel-linux-x86_64-debian-clang | 0.2.0.2 | 1614.87 | 186.99 | 1801.86 | NOTE | |
r-devel-linux-x86_64-debian-gcc | 0.2.0.2 | 1530.97 | 212.51 | 1743.48 | NOTE | |
r-devel-linux-x86_64-fedora-clang | 0.2.0.2 | 2689.69 | NOTE | |||
r-devel-linux-x86_64-fedora-gcc | 0.2.0.2 | 2914.95 | NOTE | |||
r-devel-windows-x86_64 | 0.2.0.2 | 1032.00 | 338.00 | 1370.00 | NOTE | |
r-patched-linux-x86_64 | 0.2.0.2 | 1314.11 | 276.83 | 1590.94 | NOTE | |
r-release-linux-x86_64 | 0.2.0.2 | 1209.53 | 268.31 | 1477.84 | NOTE | |
r-release-macos-arm64 | 0.2.0.2 | 588.00 | NOTE | |||
r-release-macos-x86_64 | 0.2.0.2 | 1071.00 | NOTE | |||
r-release-windows-x86_64 | 0.2.0.2 | 1035.00 | 339.00 | 1374.00 | NOTE | |
r-oldrel-macos-arm64 | 0.2.0.2 | 712.00 | NOTE | |||
r-oldrel-macos-x86_64 | 0.2.0.2 | 1255.00 | NOTE | |||
r-oldrel-windows-ix86+x86_64 | 0.2.0.2 | 3701.00 | 419.00 | 4120.00 | NOTE |
Version: 0.2.0.2
Check: LazyData
Result: NOTE
'LazyData' is specified without a 'data' directory
Flavors: r-devel-linux-x86_64-debian-clang, r-devel-linux-x86_64-debian-gcc, r-devel-linux-x86_64-fedora-clang, r-devel-linux-x86_64-fedora-gcc, r-devel-windows-x86_64, r-patched-linux-x86_64, r-release-linux-x86_64, r-release-macos-arm64, r-release-macos-x86_64, r-release-windows-x86_64, r-oldrel-macos-arm64, r-oldrel-macos-x86_64, r-oldrel-windows-ix86+x86_64
Version: 0.2.0.2
Check: for GNU extensions in Makefiles
Result: NOTE
GNU make is a SystemRequirements.
Flavors: r-devel-linux-x86_64-debian-clang, r-devel-linux-x86_64-debian-gcc, r-devel-linux-x86_64-fedora-clang, r-devel-linux-x86_64-fedora-gcc, r-devel-windows-x86_64, r-patched-linux-x86_64, r-release-linux-x86_64, r-release-macos-arm64, r-release-macos-x86_64, r-release-windows-x86_64, r-oldrel-macos-arm64, r-oldrel-macos-x86_64, r-oldrel-windows-ix86+x86_64
Version: 0.2.0.2
Check: installed package size
Result: NOTE
installed size is 137.5Mb
sub-directories of 1Mb or more:
libs 137.0Mb
Flavors: r-devel-linux-x86_64-fedora-clang, r-devel-windows-x86_64, r-release-macos-arm64, r-release-macos-x86_64, r-release-windows-x86_64, r-oldrel-macos-arm64, r-oldrel-macos-x86_64, r-oldrel-windows-ix86+x86_64