CRAN Package Check Results for Package cattonum

Last updated on 2020-02-17 00:49:06 CET.

Flavor Version Tinstall Tcheck Ttotal Status Flags
r-devel-linux-x86_64-debian-clang 0.0.4 21.74 202.94 224.68 OK
r-devel-linux-x86_64-debian-gcc 0.0.4 10.46 160.97 171.43 OK
r-devel-linux-x86_64-fedora-clang 0.0.4 283.75 OK
r-devel-windows-ix86+x86_64 0.0.4 40.00 224.00 264.00 OK
r-devel-windows-ix86+x86_64-gcc8 0.0.3 41.00 291.00 332.00 ERROR
r-patched-linux-x86_64 0.0.4 14.77 192.39 207.16 OK
r-patched-solaris-x86 0.0.4 833.80 OK
r-release-linux-x86_64 0.0.4 11.97 190.85 202.82 OK
r-release-windows-ix86+x86_64 0.0.4 35.00 217.00 252.00 OK
r-release-osx-x86_64 0.0.4 OK
r-oldrel-windows-ix86+x86_64 0.0.4 35.00 289.00 324.00 OK
r-oldrel-osx-x86_64 0.0.4 OK

Check Details

Version: 0.0.3
Check: running tests for arch ‘i386’
Result: ERROR
     Running 'testthat.R' [88s]
    Running the tests in 'tests/testthat.R' failed.
    Complete output:
     > library(testthat)
     > library(cattonum)
     >
     > test_check("cattonum")
     -- 1. Failure: conditions work correctly. (@test-conditions.R#7) --------------
     `catto_label(foo, one_of(x1, x2))` did not throw an error.
    
     == testthat results ===========================================================
     [ OK: 254 | SKIPPED: 4 | WARNINGS: 1 | FAILED: 1 ]
     1. Failure: conditions work correctly. (@test-conditions.R#7)
    
     Error: testthat unit tests failed
     Execution halted
Flavor: r-devel-windows-ix86+x86_64-gcc8

Version: 0.0.3
Check: running tests for arch ‘x64’
Result: ERROR
     Running 'testthat.R' [98s]
    Running the tests in 'tests/testthat.R' failed.
    Complete output:
     > library(testthat)
     > library(cattonum)
     >
     > test_check("cattonum")
     -- 1. Failure: conditions work correctly. (@test-conditions.R#7) --------------
     `catto_label(foo, one_of(x1, x2))` did not throw an error.
    
     == testthat results ===========================================================
     [ OK: 254 | SKIPPED: 4 | WARNINGS: 1 | FAILED: 1 ]
     1. Failure: conditions work correctly. (@test-conditions.R#7)
    
     Error: testthat unit tests failed
     Execution halted
Flavor: r-devel-windows-ix86+x86_64-gcc8