CRAN Package Check Results for Package catfun

Last updated on 2022-06-28 23:53:59 CEST.

Flavor Version Tinstall Tcheck Ttotal Status Flags
r-devel-linux-x86_64-debian-clang 0.1.4 13.31 110.91 124.22 NOTE
r-devel-linux-x86_64-debian-gcc 0.1.4 10.61 82.62 93.23 NOTE
r-devel-linux-x86_64-fedora-clang 0.1.4 159.39 NOTE
r-devel-linux-x86_64-fedora-gcc 0.1.4 152.40 NOTE
r-devel-windows-x86_64 0.1.4 21.00 139.00 160.00 NOTE
r-patched-linux-x86_64 0.1.4 8.31 102.70 111.01 NOTE
r-release-linux-x86_64 0.1.4 8.07 104.80 112.87 NOTE
r-release-macos-arm64 0.1.4 41.00 NOTE
r-release-macos-x86_64 0.1.4 77.00 NOTE
r-release-windows-x86_64 0.1.4 21.00 126.00 147.00 NOTE
r-oldrel-macos-arm64 0.1.4 50.00 NOTE
r-oldrel-macos-x86_64 0.1.4 91.00 NOTE
r-oldrel-windows-ix86+x86_64 0.1.4 30.00 129.00 159.00 NOTE

Check Details

Version: 0.1.4
Check: LazyData
Result: NOTE
     'LazyData' is specified without a 'data' directory
Flavors: r-devel-linux-x86_64-debian-clang, r-devel-linux-x86_64-debian-gcc, r-devel-linux-x86_64-fedora-clang, r-devel-linux-x86_64-fedora-gcc, r-devel-windows-x86_64, r-patched-linux-x86_64, r-release-linux-x86_64, r-release-macos-arm64, r-release-macos-x86_64, r-release-windows-x86_64, r-oldrel-macos-arm64, r-oldrel-macos-x86_64, r-oldrel-windows-ix86+x86_64

Version: 0.1.4
Check: dependencies in R code
Result: NOTE
    Namespaces in Imports field not imported from:
     ‘broom’ ‘epitools’
     All declared Imports should be used.
Flavors: r-devel-linux-x86_64-fedora-clang, r-devel-linux-x86_64-fedora-gcc, r-release-macos-arm64, r-release-macos-x86_64, r-oldrel-macos-arm64, r-oldrel-macos-x86_64