CRAN Package Check Results for Package catSurv

Last updated on 2019-11-10 23:48:23 CET.

Flavor Version Tinstall Tcheck Ttotal Status Flags
r-devel-linux-x86_64-debian-clang 1.0.3 192.68 106.91 299.59 NOTE
r-devel-linux-x86_64-debian-gcc 1.0.3 128.79 80.89 209.68 WARN
r-devel-linux-x86_64-fedora-clang 1.0.3 428.08 WARN
r-devel-linux-x86_64-fedora-gcc 1.0.3 377.70 WARN
r-devel-windows-ix86+x86_64 1.0.3 400.00 196.00 596.00 NOTE
r-patched-linux-x86_64 1.0.3 141.14 102.17 243.31 WARN
r-patched-solaris-x86 1.0.3 407.90 NOTE
r-release-linux-x86_64 1.0.3 141.00 101.97 242.97 WARN
r-release-windows-ix86+x86_64 1.0.3 515.00 240.00 755.00 NOTE
r-release-osx-x86_64 1.0.3 NOTE
r-oldrel-windows-ix86+x86_64 1.0.3 487.00 180.00 667.00 NOTE
r-oldrel-osx-x86_64 1.0.3 NOTE

Check Details

Version: 1.0.3
Check: for GNU extensions in Makefiles
Result: NOTE
    GNU make is a SystemRequirements.
Flavors: r-devel-linux-x86_64-debian-clang, r-devel-linux-x86_64-debian-gcc, r-devel-linux-x86_64-fedora-clang, r-devel-linux-x86_64-fedora-gcc, r-devel-windows-ix86+x86_64, r-patched-linux-x86_64, r-patched-solaris-x86, r-release-linux-x86_64, r-release-windows-ix86+x86_64, r-release-osx-x86_64, r-oldrel-windows-ix86+x86_64, r-oldrel-osx-x86_64

Version: 1.0.3
Check: whether package can be installed
Result: WARN
    Found the following significant warnings:
     MLEEstimator.cpp:81:17: warning: catching polymorphic type ‘class std::domain_error’ by value [-Wcatch-value=]
     MLEEstimator.cpp:127:17: warning: catching polymorphic type ‘class std::domain_error’ by value [-Wcatch-value=]
Flavors: r-devel-linux-x86_64-debian-gcc, r-devel-linux-x86_64-fedora-gcc, r-patched-linux-x86_64, r-release-linux-x86_64

Version: 1.0.3
Check: whether package can be installed
Result: WARN
    Found the following significant warnings:
     Cat.cpp:143:17: warning: 'bind2nd<std::__1::plus<int>, double>' is deprecated [-Wdeprecated-declarations]
Flavor: r-devel-linux-x86_64-fedora-clang

Version: 1.0.3
Check: installed package size
Result: NOTE
     installed size is 6.3Mb
     sub-directories of 1Mb or more:
     libs 5.6Mb
Flavors: r-devel-linux-x86_64-fedora-clang, r-release-osx-x86_64, r-oldrel-osx-x86_64