CRAN Package Check Results for Package catSurv

Last updated on 2021-03-01 23:48:51 CET.

Flavor Version Tinstall Tcheck Ttotal Status Flags
r-devel-linux-x86_64-debian-clang 1.3.0 NOTE
r-devel-linux-x86_64-debian-gcc 1.3.0 132.49 102.56 235.05 NOTE
r-devel-linux-x86_64-fedora-clang 1.3.0 506.15 NOTE
r-devel-linux-x86_64-fedora-gcc 1.3.0 424.43 NOTE
r-devel-windows-ix86+x86_64 1.3.0 380.00 194.00 574.00 NOTE
r-patched-linux-x86_64 1.3.0 165.90 128.33 294.23 NOTE
r-patched-solaris-x86 1.3.0 484.20 NOTE
r-release-linux-x86_64 1.3.0 173.62 128.62 302.24 NOTE
r-release-macos-x86_64 1.3.0 NOTE
r-release-windows-ix86+x86_64 1.3.0 500.00 258.00 758.00 NOTE
r-oldrel-macos-x86_64 1.3.0 NOTE
r-oldrel-windows-ix86+x86_64 1.3.0 336.00 191.00 527.00 NOTE

Check Details

Version: 1.3.0
Check: for GNU extensions in Makefiles
Result: NOTE
    GNU make is a SystemRequirements.
Flavors: r-devel-linux-x86_64-debian-clang, r-devel-linux-x86_64-debian-gcc, r-devel-linux-x86_64-fedora-clang, r-devel-linux-x86_64-fedora-gcc, r-devel-windows-ix86+x86_64, r-patched-linux-x86_64, r-patched-solaris-x86, r-release-linux-x86_64, r-release-macos-x86_64, r-release-windows-ix86+x86_64, r-oldrel-macos-x86_64, r-oldrel-windows-ix86+x86_64

Version: 1.3.0
Check: installed package size
Result: NOTE
     installed size is 7.7Mb
     sub-directories of 1Mb or more:
     libs 6.8Mb
Flavors: r-devel-linux-x86_64-fedora-clang, r-release-macos-x86_64, r-oldrel-macos-x86_64