CRAN Package Check Results for Package catSurv

Last updated on 2019-07-22 06:47:34 CEST.

Flavor Version Tinstall Tcheck Ttotal Status Flags
r-devel-linux-x86_64-debian-clang 1.0.3 167.62 106.75 274.37 NOTE
r-devel-linux-x86_64-debian-gcc 1.0.3 119.13 83.72 202.85 WARN
r-devel-linux-x86_64-fedora-clang 1.0.3 409.81 NOTE
r-devel-linux-x86_64-fedora-gcc 1.0.3 368.48 WARN
r-devel-windows-ix86+x86_64 1.0.3 341.00 229.00 570.00 NOTE
r-patched-linux-x86_64 1.0.3 147.30 106.81 254.11 WARN
r-patched-solaris-x86 1.0.3 450.50 NOTE
r-release-linux-x86_64 1.0.3 151.56 106.63 258.19 WARN
r-release-windows-ix86+x86_64 1.0.3 356.00 178.00 534.00 NOTE
r-release-osx-x86_64 1.0.3 NOTE
r-oldrel-windows-ix86+x86_64 1.0.3 473.00 168.00 641.00 NOTE
r-oldrel-osx-x86_64 1.0.3 NOTE

Additional issues

clang-UBSAN

Check Details

Version: 1.0.3
Check: for GNU extensions in Makefiles
Result: NOTE
    GNU make is a SystemRequirements.
Flavors: r-devel-linux-x86_64-debian-clang, r-devel-linux-x86_64-debian-gcc, r-devel-linux-x86_64-fedora-clang, r-devel-linux-x86_64-fedora-gcc, r-devel-windows-ix86+x86_64, r-patched-linux-x86_64, r-patched-solaris-x86, r-release-linux-x86_64, r-release-windows-ix86+x86_64, r-release-osx-x86_64, r-oldrel-windows-ix86+x86_64, r-oldrel-osx-x86_64

Version: 1.0.3
Check: whether package can be installed
Result: WARN
    Found the following significant warnings:
     MLEEstimator.cpp:81:17: warning: catching polymorphic type ‘class std::domain_error’ by value [-Wcatch-value=]
     MLEEstimator.cpp:127:17: warning: catching polymorphic type ‘class std::domain_error’ by value [-Wcatch-value=]
Flavors: r-devel-linux-x86_64-debian-gcc, r-devel-linux-x86_64-fedora-gcc, r-patched-linux-x86_64, r-release-linux-x86_64

Version: 1.0.3
Check: installed package size
Result: NOTE
     installed size is 6.1Mb
     sub-directories of 1Mb or more:
     libs 5.4Mb
Flavors: r-devel-linux-x86_64-fedora-clang, r-release-osx-x86_64, r-oldrel-osx-x86_64