CRAN Package Check Results for Package cartogram

Last updated on 2022-08-17 23:53:22 CEST.

Flavor Version Tinstall Tcheck Ttotal Status Flags
r-devel-linux-x86_64-debian-clang 0.2.2 5.01 71.77 76.78 NOTE
r-devel-linux-x86_64-debian-gcc 0.2.2 NOTE
r-devel-linux-x86_64-fedora-clang 0.2.2 99.06 NOTE
r-devel-linux-x86_64-fedora-gcc 0.2.2 101.79 NOTE
r-devel-windows-x86_64 0.2.2 12.00 95.00 107.00 NOTE
r-patched-linux-x86_64 0.2.2 4.74 68.89 73.63 NOTE
r-release-linux-x86_64 0.2.2 4.86 68.69 73.55 NOTE
r-release-macos-arm64 0.2.2 25.00 NOTE
r-release-macos-x86_64 0.2.2 41.00 NOTE
r-release-windows-x86_64 0.2.2 19.00 97.00 116.00 NOTE
r-oldrel-macos-arm64 0.2.2 33.00 NOTE
r-oldrel-macos-x86_64 0.2.2 51.00 NOTE
r-oldrel-windows-ix86+x86_64 0.2.2 14.00 96.00 110.00 NOTE

Check Details

Version: 0.2.2
Check: LazyData
Result: NOTE
     'LazyData' is specified without a 'data' directory
Flavors: r-devel-linux-x86_64-debian-clang, r-devel-linux-x86_64-debian-gcc, r-devel-linux-x86_64-fedora-clang, r-devel-linux-x86_64-fedora-gcc, r-devel-windows-x86_64, r-patched-linux-x86_64, r-release-linux-x86_64, r-release-macos-arm64, r-release-macos-x86_64, r-release-windows-x86_64, r-oldrel-macos-arm64, r-oldrel-macos-x86_64, r-oldrel-windows-ix86+x86_64