CRAN Package Check Results for Package capm

Last updated on 2019-10-06 23:46:56 CEST.

Flavor Version Tinstall Tcheck Ttotal Status Flags
r-devel-linux-x86_64-debian-clang 0.13.10 12.10 109.02 121.12 OK
r-devel-linux-x86_64-debian-gcc 0.13.10 10.26 83.13 93.39 OK
r-devel-linux-x86_64-fedora-clang 0.13.10 145.27 NOTE
r-devel-linux-x86_64-fedora-gcc 0.13.10 149.60 NOTE
r-devel-windows-ix86+x86_64 0.13.10 39.00 121.00 160.00 OK
r-patched-linux-x86_64 0.13.10 11.07 102.34 113.41 OK
r-patched-solaris-x86 0.13.10 210.90 NOTE
r-release-linux-x86_64 0.13.10 11.78 101.73 113.51 OK
r-release-windows-ix86+x86_64 0.13.10 21.00 164.00 185.00 OK
r-release-osx-x86_64 0.13.10 NOTE
r-oldrel-windows-ix86+x86_64 0.13.10 14.00 169.00 183.00 OK
r-oldrel-osx-x86_64 0.13.10 NOTE

Check Details

Version: 0.13.10
Check: data for non-ASCII characters
Result: NOTE
     Note: found 59 marked UTF-8 strings
Flavors: r-devel-linux-x86_64-fedora-clang, r-devel-linux-x86_64-fedora-gcc, r-patched-solaris-x86, r-release-osx-x86_64, r-oldrel-osx-x86_64