CRAN Package Check Results for Package capm

Last updated on 2020-02-17 00:49:06 CET.

Flavor Version Tinstall Tcheck Ttotal Status Flags
r-devel-linux-x86_64-debian-clang 0.14.0 16.14 118.87 135.01 OK
r-devel-linux-x86_64-debian-gcc 0.14.0 12.48 91.62 104.10 OK
r-devel-linux-x86_64-fedora-clang 0.14.0 159.76 NOTE
r-devel-windows-ix86+x86_64 0.14.0 30.00 128.00 158.00 OK
r-devel-windows-ix86+x86_64-gcc8 0.14.0 43.00 172.00 215.00 OK
r-patched-linux-x86_64 0.14.0 12.39 102.04 114.43 OK
r-patched-solaris-x86 0.14.0 206.60 NOTE
r-release-linux-x86_64 0.14.0 14.20 101.54 115.74 OK
r-release-windows-ix86+x86_64 0.14.0 27.00 117.00 144.00 OK
r-release-osx-x86_64 0.14.0 NOTE
r-oldrel-windows-ix86+x86_64 0.14.0 17.00 103.00 120.00 OK
r-oldrel-osx-x86_64 0.14.0 NOTE

Check Details

Version: 0.14.0
Check: data for non-ASCII characters
Result: NOTE
     Note: found 59 marked UTF-8 strings
Flavors: r-devel-linux-x86_64-fedora-clang, r-patched-solaris-x86, r-release-osx-x86_64, r-oldrel-osx-x86_64