CRAN Package Check Results for Package cancerTiming

Last updated on 2019-10-13 23:47:16 CEST.

Flavor Version Tinstall Tcheck Ttotal Status Flags
r-devel-linux-x86_64-debian-clang 3.1.8 3.90 37.99 41.89 OK
r-devel-linux-x86_64-debian-gcc 3.1.8 3.38 30.30 33.68 OK
r-devel-linux-x86_64-fedora-clang 3.1.8 49.67 OK
r-devel-linux-x86_64-fedora-gcc 3.1.8 49.51 OK
r-devel-windows-ix86+x86_64 3.1.8 8.00 73.00 81.00 OK
r-patched-linux-x86_64 3.1.8 3.38 36.26 39.64 OK
r-patched-solaris-x86 3.1.8 71.00 OK
r-release-linux-x86_64 3.1.8 3.64 36.72 40.36 OK
r-release-windows-ix86+x86_64 3.1.8 13.00 51.00 64.00 OK
r-release-osx-x86_64 3.1.8 NOTE
r-oldrel-windows-ix86+x86_64 3.1.8 5.00 48.00 53.00 OK
r-oldrel-osx-x86_64 3.1.8 OK

Check Details

Version: 3.1.8
Check: package dependencies
Result: NOTE
    Packages suggested but not available for checking:
     'GenomicRanges', 'IRanges', 'S4Vectors'
Flavor: r-release-osx-x86_64

Version: 3.1.8
Check: Rd cross-references
Result: NOTE
    Package unavailable to check Rd xrefs: ‘GenomicRanges’
Flavor: r-release-osx-x86_64