CRAN Package Check Results for Package cancerTiming

Last updated on 2020-05-24 23:47:39 CEST.

Flavor Version Tinstall Tcheck Ttotal Status Flags
r-devel-linux-x86_64-debian-clang 3.1.8 4.86 41.29 46.15 OK
r-devel-linux-x86_64-debian-gcc 3.1.8 3.79 32.43 36.22 OK
r-devel-linux-x86_64-fedora-clang 3.1.8 62.78 OK
r-devel-linux-x86_64-fedora-gcc 3.1.8 54.91 OK
r-devel-windows-ix86+x86_64 3.1.8 14.00 57.00 71.00 OK
r-patched-linux-x86_64 3.1.8 4.96 41.23 46.19 OK
r-patched-solaris-x86 3.1.8 80.20 OK
r-release-linux-x86_64 3.1.8 3.56 41.28 44.84 OK
r-release-osx-x86_64 3.1.8 OK
r-release-windows-ix86+x86_64 3.1.8 10.00 74.00 84.00 OK
r-oldrel-osx-x86_64 3.1.8 NOTE
r-oldrel-windows-ix86+x86_64 3.1.8 7.00 73.00 80.00 OK

Check Details

Version: 3.1.8
Check: package dependencies
Result: NOTE
    Packages suggested but not available for checking:
     'GenomicRanges', 'IRanges', 'S4Vectors'
Flavor: r-oldrel-osx-x86_64

Version: 3.1.8
Check: Rd cross-references
Result: NOTE
    Package unavailable to check Rd xrefs: ‘GenomicRanges’
Flavor: r-oldrel-osx-x86_64